-- Table structure for table `BvlzX_wpgb_facets`
--

CREATE TABLE `BvlzX_wpgb_facets` (
  `id` bigint unsigned NOT NULL AUTO_INCREMENT,
  `slug` varchar(191) CHARACTER SET utf8mb4 COLLATE utf8mb4_unicode_520_ci NOT NULL,
  `name` varchar(191) CHARACTER SET utf8mb4 COLLATE utf8mb4_unicode_520_ci NOT NULL,
  `date` datetime NOT NULL DEFAULT '0000-00-00 00:00:00',
  `modified_date` datetime NOT NULL DEFAULT '0000-00-00 00:00:00',
  `favorite` tinyint(1) DEFAULT '0',
  `type` varchar(32) CHARACTER SET utf8mb4 COLLATE utf8mb4_unicode_520_ci NOT NULL,
  `source` varchar(191) CHARACTER SET utf8mb4 COLLATE utf8mb4_unicode_520_ci NOT NULL,
  `settings` mediumtext CHARACTER SET utf8mb4 COLLATE utf8mb4_unicode_520_ci NOT NULL,
  PRIMARY KEY (`id`),
  KEY `slug` (`slug`),
  KEY `slug_id` (`slug`,`id`),
  KEY `modified_date` (`modified_date`)
) ENGINE=InnoDB  DEFAULT CHARSET=utf8mb4 COLLATE=utf8mb4_unicode_520_ci;

--
-- Dumping data for table `BvlzX_wpgb_facets`
--

INSERT INTO `BvlzX_wpgb_facets` VALUES
(1, 'categories', 'Facet filter categorie(solo, linear, cluster) aprilie', '2025-04-19 03:17:05', '2025-04-19 14:54:25', 0, 'radio', 'taxonomy/product_cat', '{"name":"Facet filter categorie(solo, linear, cluster) aprilie","title":"","slug":"categories","action":"filter","filter_type":"radio","source":"taxonomy","exclude":["130"],"depth":0,"child_of":"","parent":"","children":false,"show_empty":false,"show_count":false,"current_terms":true,"limit":99,"display_limit":99,"show_more_label":"+ Show [number] more","show_less_label":"- Show less","orderby":"facet_order","order":"ASC","all_label":"","actions":[{"action":"enable"}],"taxonomy":"product_cat","field_type":"post"}'),
(2, 'shade_count', 'Facet filter tags aprilie(1,2,3,4)', '2025-04-19 03:25:15', '2025-04-19 09:42:12', 0, 'radio', 'taxonomy/product_tag', '{"name":"Facet filter tags aprilie(1,2,3,4)","title":"","slug":"shade_count","action":"filter","filter_type":"radio","source":"taxonomy","include":[],"exclude":[],"depth":"","child_of":"","parent":"","children":false,"show_empty":false,"show_count":false,"current_terms":true,"limit":99,"display_limit":99,"show_more_label":"+ Show [number] more","show_less_label":"- Show less","orderby":"count","order":"DESC","all_label":"All","actions":[{"action":"enable"}],"taxonomy":"product_tag","field_type":"post"}'),
(3, 'selection', 'Selection', '2025-04-19 09:24:26', '2025-04-19 09:24:26', 0, 'selection', '', '{"name":"Selection","slug":"selection","title":"Selection","action":"filter","filter_type":"selection"}'),
(4, 'search_test', 'Search', '2025-04-19 09:24:26', '2025-04-19 09:24:26', 0, 'search', 'wordpress', '{"name":"Search","slug":"search_test","title":"Search","action":"filter","filter_type":"search","search_placeholder":"Type to search","instant_search":true}'),
(5, 'sort', 'Sort', '2025-04-19 09:24:26', '2025-04-19 09:24:26', 0, 'sort', '', '{"name":"Sort","slug":"sort","title":"Product Order","action":"sort","sort_options":[{"label":"None","orderby":"","order":"desc","meta_key":""},{"label":"By Newest","orderby":"date","order":"desc","meta_key":""},{"label":"By Oldest","orderby":"date","order":"asc","meta_key":""},{"label":"By Title (A-Z)","orderby":"title","order":"asc","meta_key":""},{"label":"By Title (Z-A)","orderby":"title","order":"desc","meta_key":""}],"combobox":true,"clearable":true,"searchable":false,"no_results":"No Results Found."}'),
(6, 'reset', 'Reset', '2025-04-19 09:24:26', '2025-04-19 09:24:26', 0, 'reset', '', '{"name":"Reset","slug":"reset","title":"","action":"reset","reset_label":"Reset","reset_facet":[]}'),
(7, 'load_more', 'Load More', '2025-04-19 09:24:26', '2025-04-19 09:24:26', 0, 'load_more', '', '{"name":"Load More","slug":"load_more","title":"","action":"load","load_type":"load_more","load_posts_number":10,"load_more_event":"onclick","load_more_remain":true,"load_more_text":"Load more","loading_text":"Loading..."}'),
(8, 'result_count', 'Result Count', '2025-04-19 09:24:26', '2025-04-19 09:24:26', 0, 'result_count', '', '{"name":"Result Count","slug":"result_count","title":"","action":"load","load_type":"result_count"}'),
(9, 'per_page', 'Per Page', '2025-04-19 09:24:26', '2025-04-19 09:24:26', 0, 'per_page', '', '{"name":"Per Page","slug":"per_page","title":"","action":"load","load_type":"per_page","per_page_options":"10, 25, 50, 100","combobox":true,"clearable":false,"searchable":false,"no_results":"No Results Found."}'),
(10, 'page', 'Pagination', '2025-04-19 09:24:26', '2025-04-19 09:24:26', 0, 'pagination', '', '{"name":"Pagination","slug":"page","title":"","action":"load","load_type":"pagination","pagination":"numbered","show_all":false,"mid_size":2,"end_size":2,"dots_page":"\\u2026","prev_text":"Prev","next_text":"Next"}'),
(11, 'categories_2', 'Facet filter categorie(1,2,3) aprilie depth 1', '2025-04-19 09:47:49', '2025-04-19 14:54:44', 0, 'radio', 'taxonomy/product_cat', '{"name":"Facet filter categorie(1,2,3) aprilie depth 1","title":"","slug":"categories_2","action":"filter","filter_type":"radio","source":"taxonomy","exclude":["130"],"depth":1,"child_of":"","parent":"","children":false,"show_empty":false,"show_count":false,"current_terms":true,"limit":99,"display_limit":99,"show_more_label":"+ Show [number] more","show_less_label":"- Show less","orderby":"facet_order","order":"ASC","all_label":"All","actions":[{"action":"enable"}],"taxonomy":"product_cat","field_type":"post"}');

-- --------------------------------------------------------

--
-- Table structure for table `BvlzX_wpgb_grids`
--

CREATE TABLE `BvlzX_wpgb_grids` (
  `id` bigint unsigned NOT NULL AUTO_INCREMENT,
  `name` varchar(191) CHARACTER SET utf8mb4 COLLATE utf8mb4_unicode_520_ci NOT NULL,
  `date` datetime NOT NULL DEFAULT '0000-00-00 00:00:00',
  `modified_date` datetime NOT NULL DEFAULT '0000-00-00 00:00:00',
  `favorite` tinyint(1) DEFAULT '0',
  `type` varchar(32) CHARACTER SET utf8mb4 COLLATE utf8mb4_unicode_520_ci NOT NULL,
  `source` varchar(32) CHARACTER SET utf8mb4 COLLATE utf8mb4_unicode_520_ci NOT NULL,
  `settings` mediumtext CHARACTER SET utf8mb4 COLLATE utf8mb4_unicode_520_ci NOT NULL,
  PRIMARY KEY (`id`),
  KEY `name` (`name`),
  KEY `modified_date` (`modified_date`)
) ENGINE=InnoDB  DEFAULT CHARSET=utf8mb4 COLLATE=utf8mb4_unicode_520_ci;

--
-- Dumping data for table `BvlzX_wpgb_grids`
--

INSERT INTO `BvlzX_wpgb_grids` VALUES
(1, 'Blog Demo', '2025-04-19 09:24:26', '2025-04-19 09:24:26', 0, 'masonry', 'post_type', '{"name":"Blog Demo","class":"","no_posts_msg":"Sorry, no articles found.","no_results_msg":"Sorry, no articles match your search criteria.","source":"post_type","posts_per_page":9,"offset":0,"post_type":["post"],"post_status":["publish"],"author__in":[],"post__in":[],"post__not_in":[],"orderby":[],"order":"DESC","tax_query":[],"tax_query_relation":"OR","tax_query_children":"0","meta_query":[],"post_formats":["gallery","audio","video"],"first_media":false,"gallery_slideshow":false,"embedded_video_poster":false,"video_lightbox":false,"default_thumbnail":0,"thumbnail_aspect":false,"thumbnail_size":"medium_large","thumbnail_size_mobile":"medium_large","type":"masonry","horizontal_order":true,"fit_rows":false,"equal_columns":false,"override_card_sizes":false,"card_sizes":[{"columns":3,"height":240,"gutter":28,"ratio":{"x":4,"y":3},"browser":9999},{"browser":1200,"columns":2,"height":240,"gutter":-1,"ratio":{"x":4,"y":3}},{"browser":992,"columns":2,"height":220,"gutter":-1,"ratio":{"x":4,"y":3}},{"browser":768,"columns":1,"height":220,"gutter":-1,"ratio":{"x":4,"y":3}},{"browser":576,"columns":1,"height":200,"gutter":-1,"ratio":{"x":4,"y":3}},{"browser":320,"columns":1,"height":200,"gutter":-1,"ratio":{"x":4,"y":3}}],"layout":"vertical","full_width":false,"grid_layout":{"area-top-1":{"style":{"margin-top":"3em"},"facets":""},"area-top-2":{"style":{"margin-top":"3em","margin-bottom":"16px","justify-content":"flex-start"},"facets":""},"area-bottom-1":{"style":{"margin-top":"4em"},"facets":""}},"cards":{"default":"","post":"","aside":"","chat":"","gallery":"","link":"","image":"","quote":"","status":"","video":"","audio":""},"content_background":"","overlay_background":"","content_color_scheme":"dark","overlay_color_scheme":"light","animation":"wpgb_animation_16","timing_function":"custom","cubic_bezier_function":"cubic-bezier(0.1,0.3,0.2,1)","transition":700,"transition_delay":100,"lazy_load":true,"lazy_load_spinner":true,"lazy_load_blurred_image":false,"lazy_load_background":"#edf3f8","lazy_load_spinner_color":"#0069ff","loader":true,"loader_color":"#0069ff","loader_size":1,"loader_type":"wpgb-loader-17","custom_css":""}'),
(2, 'Portfolio Demo', '2025-04-19 09:24:26', '2025-04-19 09:24:26', 0, 'masonry', 'post_type', '{"name":"Portfolio Demo","class":"","no_posts_msg":"","no_results_msg":"","source":"post_type","posts_per_page":20,"offset":0,"post_type":["post"],"post_status":["publish"],"author__in":[],"post__in":[],"post__not_in":[],"orderby":[],"order":"DESC","tax_query":[],"tax_query_relation":"OR","tax_query_children":"0","meta_query":[],"post_formats":["gallery","audio","video"],"first_media":false,"gallery_slideshow":false,"embedded_video_poster":false,"video_lightbox":false,"default_thumbnail":0,"thumbnail_aspect":false,"thumbnail_size":"medium_large","thumbnail_size_mobile":"medium_large","type":"masonry","horizontal_order":false,"fit_rows":false,"equal_columns":false,"override_card_sizes":false,"card_sizes":[{"columns":3,"height":240,"gutter":18,"ratio":{"x":4,"y":3},"browser":9999},{"browser":1200,"columns":3,"height":240,"gutter":18,"ratio":{"x":4,"y":3}},{"browser":992,"columns":2,"height":220,"gutter":18,"ratio":{"x":4,"y":3}},{"browser":768,"columns":2,"height":220,"gutter":18,"ratio":{"x":4,"y":3}},{"browser":576,"columns":1,"height":200,"gutter":8,"ratio":{"x":4,"y":3}},{"browser":320,"columns":1,"height":200,"gutter":8,"ratio":{"x":4,"y":3}}],"layout":"vertical","full_width":false,"grid_layout":{"wrapper":{"style":{"margin-bottom":"3em"}},"area-top-1":{"style":{"justify-content":"flex-start"},"facets":""},"area-top-2":{"style":{"justify-content":"flex-start"},"facets":""},"area-bottom-1":{"style":{"margin-top":"4em","justify-content":"center"},"facets":""},"area-bottom-2":{"style":{"margin-top":"2.5em","justify-content":"center"},"facets":""}},"cards":{"default":"","post":"","aside":"","chat":"","gallery":"","link":"","image":"","quote":"","status":"","video":"","audio":""},"content_background":"","overlay_background":"","content_color_scheme":"dark","overlay_color_scheme":"light","animation":"wpgb_animation_2","timing_function":"custom","cubic_bezier_function":"cubic-bezier(0.1,0.3,0.2,1)","transition":700,"transition_delay":60,"lazy_load":true,"lazy_load_spinner":true,"lazy_load_blurred_image":false,"lazy_load_background":"#edf3f8","lazy_load_spinner_color":"#0069ff","loader":true,"loader_color":"#0069ff","loader_size":"1.2","loader_type":"wpgb-loader-18","custom_css":""}'),
(3, 'eCommerce Demo', '2025-04-19 09:24:26', '2025-04-19 09:24:26', 0, 'masonry', 'post_type', '{"name":"eCommerce Demo","class":"","no_posts_msg":"Sorry, no products found.","no_results_msg":"Sorry, no products match your search criteria.","source":"post_type","posts_per_page":20,"offset":0,"post_type":["post"],"post_status":["publish"],"author__in":[],"post__in":[],"post__not_in":[],"orderby":[],"order":"DESC","tax_query":[],"tax_query_relation":"OR","tax_query_children":"0","meta_query":[],"post_formats":["gallery","audio","video"],"first_media":false,"gallery_slideshow":false,"embedded_video_poster":false,"video_lightbox":false,"default_thumbnail":0,"thumbnail_aspect":false,"thumbnail_size":"medium_large","thumbnail_size_mobile":"medium_large","type":"masonry","horizontal_order":true,"fit_rows":false,"equal_columns":true,"override_card_sizes":false,"card_sizes":[{"columns":4,"height":240,"gutter":18,"ratio":{"x":4,"y":3},"browser":9999},{"browser":1340,"columns":3,"height":240,"gutter":-1,"ratio":{"x":4,"y":3}},{"browser":1140,"columns":2,"height":220,"gutter":-1,"ratio":{"x":4,"y":3}},{"browser":768,"columns":2,"height":220,"gutter":-1,"ratio":{"x":4,"y":3}},{"browser":576,"columns":1,"height":200,"gutter":-1,"ratio":{"x":4,"y":3}},{"browser":1,"columns":1,"height":200,"gutter":-1,"ratio":{"x":4,"y":3}}],"layout":"vertical","full_width":false,"grid_layout":{"wrapper":{"style":{"margin-bottom":"1em"}},"sidebar-left":{"style":{"margin-top":"3.1em","padding-right":"3em"},"facets":""},"area-top-1":{"style":{"margin-bottom":"16px"},"facets":""},"area-top-2":{"style":{"margin-bottom":"1em","justify-content":"flex-start"},"facets":""},"area-bottom-1":{"style":{"margin-top":"4em"},"facets":""}},"cards":{"default":"","post":"","aside":"","chat":"","gallery":"","link":"","image":"","quote":"","status":"","video":"","audio":""},"content_background":"","overlay_background":"","content_color_scheme":"dark","overlay_color_scheme":"light","animation":"wpgb_animation_5","timing_function":"custom","cubic_bezier_function":"cubic-bezier(0.1,0.3,0.2,1)","transition":700,"transition_delay":60,"lazy_load":true,"lazy_load_spinner":true,"lazy_load_blurred_image":true,"lazy_load_background":"#edf3f8","lazy_load_spinner_color":"#0069ff","loader":true,"loader_color":"#0069ff","loader_size":1,"loader_type":"wpgb-loader-12","custom_css":"","custom_js":""}');

-- --------------------------------------------------------

--
-- Table structure for table `BvlzX_wpgb_index`
--

CREATE TABLE `BvlzX_wpgb_index` (
  `id` bigint unsigned NOT NULL AUTO_INCREMENT,
  `object_id` int unsigned DEFAULT NULL,
  `slug` varchar(50) CHARACTER SET utf8mb4 COLLATE utf8mb4_unicode_520_ci DEFAULT NULL,
  `facet_value` varchar(191) CHARACTER SET utf8mb4 COLLATE utf8mb4_unicode_520_ci DEFAULT NULL,
  `facet_name` varchar(191) CHARACTER SET utf8mb4 COLLATE utf8mb4_unicode_520_ci DEFAULT NULL,
  `facet_id` int unsigned DEFAULT '0',
  `facet_parent` int unsigned DEFAULT '0',
  `facet_order` int unsigned DEFAULT '0',
  PRIMARY KEY (`id`),
  KEY `object_id_idx` (`object_id`),
  KEY `slug_idx` (`slug`),
  KEY `slug_value_idx` (`slug`,`facet_value`)
) ENGINE=InnoDB  DEFAULT CHARSET=utf8mb4 COLLATE=utf8mb4_unicode_520_ci;

--
-- Dumping data for table `BvlzX_wpgb_index`
--

INSERT INTO `BvlzX_wpgb_index` VALUES
(3, 15114, 'facet_filter_aprilie', 'multi', 'Multi', 102, 0, 2),
(4, 12612, 'facet_filter_aprilie', 'solo', 'Solo', 28, 0, 1),
(9, 15114, 'facet_filter_aprilie_2', '2', '2', 182, 0, 0),
(10, 12612, 'facet_filter_aprilie_2', '1', '1', 177, 0, 0),
(61, 15114, 'categories', 'multi', 'Multi', 102, 0, 2),
(78, 12612, 'categories_3', 'solo', 'Solo', 28, 0, 1),
(107, 12612, 'shade_count', '1', '1', 177, 0, 0),
(108, 12612, 'categories', 'solo', 'Solo', 28, 0, 1);

-- --------------------------------------------------------

--
-- Table structure for table `BvlzX_wpgb_styles`
--

CREATE TABLE `BvlzX_wpgb_styles` (
  `id` bigint unsigned NOT NULL AUTO_INCREMENT,
  `name` varchar(191) CHARACTER SET utf8mb4 COLLATE utf8mb4_unicode_520_ci NOT NULL,
  `date` datetime NOT NULL DEFAULT '0000-00-00 00:00:00',
  `modified_date` datetime NOT NULL DEFAULT '0000-00-00 00:00:00',
  `favorite` tinyint(1) DEFAULT '0',
  `type` text CHARACTER SET utf8mb4 COLLATE utf8mb4_unicode_520_ci NOT NULL,
  `settings` mediumtext CHARACTER SET utf8mb4 COLLATE utf8mb4_unicode_520_ci NOT NULL,
  `css` mediumtext CHARACTER SET utf8mb4 COLLATE utf8mb4_unicode_520_ci NOT NULL,
  PRIMARY KEY (`id`),
  KEY `name` (`name`),
  KEY `modified_date` (`modified_date`)
) ENGINE=InnoDB  DEFAULT CHARSET=utf8mb4 COLLATE=utf8mb4_unicode_520_ci;

--
-- Dumping data for table `BvlzX_wpgb_styles`
--

INSERT INTO `BvlzX_wpgb_styles` VALUES
(1, 'Global Style', '2025-04-19 09:24:26', '2025-04-19 09:24:26', 0, 'checkbox', '{"name":"Global Style","type":"range","styles":{"desktop":{"range_track_height":"4px","toggle_button_alignment":"stretch","buttons_border":{"top":{"width":"1px","style":"","color":"var(--wpgb-dark-scheme-1)"},"right":{"width":"1px","style":"","color":"var(--wpgb-dark-scheme-1)"},"bottom":{"width":"1px","style":"","color":"var(--wpgb-dark-scheme-1)"},"left":{"width":"1px","style":"","color":"var(--wpgb-dark-scheme-1)"}},"buttons_padding":{"top":"8px","right":"","bottom":"8px","left":""},"toggle_button_padding":{"top":"12px","right":"","bottom":"12px","left":""},"toggle_button_background":"var(--wpgb-dark-scheme-1)","toggle_button_color":"var(--wpgb-light-scheme-1)","checkbox_border":{"top":{"width":"1px","style":"","color":"var(--wpgb-dark-scheme-1)"},"right":{"width":"1px","style":"","color":"var(--wpgb-dark-scheme-1)"},"bottom":{"width":"1px","style":"","color":"var(--wpgb-dark-scheme-1)"},"left":{"width":"1px","style":"","color":"var(--wpgb-dark-scheme-1)"}},"checkbox_radius":{"top":"2px","right":"2px","bottom":"2px","left":"2px"},"checkbox_tick_mixed":"var(--wpgb-dark-scheme-1)","checkbox_list_row_gap":"","checkbox_list_children_offset":"","checkbox_list_height":"","treeview_button_radius":{"top":"2px","right":"2px","bottom":"2px","left":"2px"},"treeview_button_background_collapsed":"var(--wpgb-dark-scheme-1)","treeview_button_background_expanded":"var(--wpgb-dark-scheme-1)","treeview_button_color_expanded":"var(--wpgb-light-scheme-1)","treeview_button_icon_size":"","checkbox_choice_counter_alignment":"space-between","checkbox_choice_counter_color":"var(--wpgb-dark-scheme-3)","toggle_button_radius":{"top":"2px","right":"2px","bottom":"2px","left":"2px"},"checkbox_list_direction":"","treeview_button_color_collapsed":"var(--wpgb-light-scheme-1)","radio_border":{"top":{"width":"1px","style":"","color":"var(--wpgb-dark-scheme-1)"},"right":{"width":"1px","style":"","color":"var(--wpgb-dark-scheme-1)"},"bottom":{"width":"1px","style":"","color":"var(--wpgb-dark-scheme-1)"},"left":{"width":"1px","style":"","color":"var(--wpgb-dark-scheme-1)"}},"radio_radius":{"top":"","right":"","bottom":"","left":""},"radio_border_pressed":"var(--wpgb-accent-scheme-1)","radio_choice_counter_alignment":"space-between","radio_choice_counter_color":"var(--wpgb-dark-scheme-3)","toggle_button_background_hover":"var(--wpgb-dark-scheme-2)","select_border":{"top":{"width":"1px","style":"","color":"var(--wpgb-dark-scheme-1)"},"right":{"width":"1px","style":"","color":"var(--wpgb-dark-scheme-1)"},"bottom":{"width":"1px","style":"","color":"var(--wpgb-dark-scheme-1)"},"left":{"width":"1px","style":"","color":"var(--wpgb-dark-scheme-1)"}},"select_radius":{"top":"2px","right":"2px","bottom":"2px","left":"2px"},"select_padding":{"top":"8px","right":"","bottom":"8px","left":""},"select_separator":true,"select_icon_color":"var(--wpgb-dark-scheme-1)","select_loader_color":"var(--wpgb-dark-scheme-1)","select_values_background":"var(--wpgb-light-scheme-3)","select_values_color":"var(--wpgb-dark-scheme-1)","select_values_button_color_hover":"#f5683d","select_values_button_background_hover":"rgba(0, 0, 0, 0.02)","select_clear_color":"var(--wpgb-dark-scheme-1)","select_clear_color_hover":"var(--wpgb-dark-scheme-3)","select_icon_color_hover":"","select_icon_color_focused":"","buttons_radius":{"top":"2px","right":"2px","bottom":"2px","left":"2px"},"toggle_button_border":{"top":{"width":"","style":"","color":""},"right":{"width":"","style":"","color":""},"bottom":{"width":"","style":"","color":""},"left":{"width":"","style":"","color":""}},"input_border":{"top":{"width":"1px","style":"","color":"var(--wpgb-dark-scheme-1)"},"right":{"width":"1px","style":"","color":"var(--wpgb-dark-scheme-1)"},"bottom":{"width":"1px","style":"","color":"var(--wpgb-dark-scheme-1)"},"left":{"width":"1px","style":"","color":"var(--wpgb-dark-scheme-1)"}},"input_radius":{"top":"2px","right":"2px","bottom":"2px","left":"2px"},"input_border_color_hover":"var(--wpgb-dark-scheme-3)","input_border_color_focused":"var(--wpgb-accent-scheme-1)","input_padding":{"top":"8px","right":"","bottom":"8px","left":""},"input_submit_background":"var(--wpgb-dark-scheme-1)","input_submit_color":"var(--wpgb-light-scheme-1)","input_submit_background_hover":"var(--wpgb-dark-scheme-2)","input_submit_background_focused":"var(--wpgb-accent-scheme-1)","input_submit_radius":{"top":"2px","right":"2px","bottom":"2px","left":"2px"},"input_submit_border":{"top":{"width":"","style":"","color":"rgba(255, 255, 255, 0)"},"right":{"width":"","style":"","color":"rgba(255, 255, 255, 0)"},"bottom":{"width":"","style":"","color":"rgba(255, 255, 255, 0)"},"left":{"width":"","style":"","color":"rgba(255, 255, 255, 0)"}},"number_inputs_direction":"flex","input_label_padding":{"top":"4px","right":"","bottom":"4px","left":""},"range_thumb_height":"","range_thumb_width":"","range_reset_radius":{"top":"2px","right":"2px","bottom":"2px","left":"2px"},"input_icon_color":"var(--wpgb-dark-scheme-1)","input_icon_color_hover":"","rating_choice_counter_alignment":"space-between","rating_choice_counter_color":"var(--wpgb-dark-scheme-3)","az_index_inline_list_direction":"","az_index_inline_list_row_gap":"12px","az_index_inline_list_columns_number":"","az_index_inline_list_column_gap":"12px","az_index_choice_label_typography":{"font-weight":"500","text-align":"center"},"az_index_choice_label_background":"","az_index_choice_label_padding":{"top":"8px","right":"8px","bottom":"8px","left":"8px"},"az_index_choice_label_radius":{"top":"2px","right":"2px","bottom":"2px","left":"2px"},"az_index_choice_counter_alignment":"space-between","az_index_choice_label_border":{"top":{"width":"1px","style":"solid","color":"var(--wpgb-dark-scheme-1)"},"right":{"width":"1px","style":"solid","color":"var(--wpgb-dark-scheme-1)"},"bottom":{"width":"1px","style":"solid","color":"var(--wpgb-dark-scheme-1)"},"left":{"width":"1px","style":"solid","color":"var(--wpgb-dark-scheme-1)"}},"az_index_inline_list_alignment":"flex-start","buttons_border_pressed":"rgba(0, 0, 0, 0)","pagination_page_background":"","pagination_page_border":{"top":{"width":"1px","style":"solid","color":"var(--wpgb-dark-scheme-1)"},"right":{"width":"1px","style":"solid","color":"var(--wpgb-dark-scheme-1)"},"bottom":{"width":"1px","style":"solid","color":"var(--wpgb-dark-scheme-1)"},"left":{"width":"1px","style":"solid","color":"var(--wpgb-dark-scheme-1)"}},"pagination_page_color":"var(--wpgb-dark-scheme-1)","pagination_page_typography":{"font-weight":"500","font-size":"16px","line-height":"24px"},"pagination_alignment":"flex-start","pagination_row_gap":"8px","pagination_column_gap":"8px","pagination_margin":{"top":"","right":"","bottom":"","left":""},"pagination_padding":{"top":"8px","right":"16px","bottom":"8px","left":"16px"},"pagination_page_background_current":"var(--wpgb-accent-scheme-1)","pagination_page_color_current":"var(--wpgb-light-scheme-1)","pagination_page_radius":{"top":"2px","right":"2px","bottom":"2px","left":"2px"},"pagination_page_border_current":"rgba(0, 0, 0, 0)","pagination_page_border_hover":"var(--wpgb-dark-scheme-3)","button_radius":{"top":"2px","right":"2px","bottom":"2px","left":"2px"},"result_counts_typography":{"font-size":"16px","font-style":"italic"},"checkbox_border_pressed":"var(--wpgb-accent-scheme-1)","input_icon_size":"","stars_icon_color":"var(--wpgb-dark-scheme-1)","stars_icon_height":"","select_icon_stroke_width":"1.5","input_icon_stroke_width":"1.5","input_clear_stroke_width":"1.5","input_clear_color":"var(--wpgb-dark-scheme-1)","select_clear_stroke_width":"1.5","stars_icon_stroke_width":1,"select_clear":false,"select_icon":false,"input_icon":false,"select_border_color_focused":"var(--wpgb-accent-scheme-1)","select_text_color":"","input_submit_padding":{"top":"12px","bottom":"12px"},"number_inputs_gap":"8px","input_label_typography":{"text-align":"","text-transform":"uppercase","font-size":"12px","font-weight":"500"},"color_inline_list_direction":"","color_inline_list_columns_number":"","color_choice_counter_color":"","color_choice_counter_background":"","color_choice_label_background":"var(--wpgb-dark-scheme-1)","color_choice_label_color":"var(--wpgb-light-scheme-1)","color_choice_label_padding":{"top":"5px","right":"12px","bottom":"5px","left":"12px"},"color_choice_counter_alignment":"","color_choice_counter_padding":{"left":""},"select_options_background_hover":"var(--wpgb-light-scheme-2)","select_options_background_selected":"var(--wpgb-accent-scheme-1)","select_options_color_selected":"var(--wpgb-light-scheme-1)"}},"fonts":{"google":[]}}', '.wpgb-facet.wpgb-style-preview .wpgb-checkbox-facet .wpgb-checkbox[aria-pressed=true] .wpgb-checkbox-control{border-color:var(--wpgb-accent-scheme-1)}.wpgb-facet.wpgb-style-preview .wpgb-checkbox-facet .wpgb-checkbox[aria-pressed=mixed] .wpgb-checkbox-control::after,.wpgb-facet.wpgb-style-preview .wpgb-checkbox-facet .wpgb-checkbox[aria-pressed=mixed] .wpgb-checkbox-control::before{border-color:var(--wpgb-dark-scheme-1)}.wpgb-facet.wpgb-style-preview li .wpgb-checkbox-label,.wpgb-facet.wpgb-style-preview li .wpgb-radio-label,.wpgb-facet.wpgb-style-preview li .wpgb-rating-label{display:flex;justify-content:space-between}.wpgb-facet.wpgb-style-preview li .wpgb-checkbox-label span,.wpgb-facet.wpgb-style-preview li .wpgb-radio-label span{color:var(--wpgb-dark-scheme-3)}.wpgb-facet.wpgb-style-preview .wpgb-checkbox-facet .wpgb-checkbox .wpgb-checkbox-control,.wpgb-facet.wpgb-style-preview .wpgb-toggle-hidden,.wpgb-facet.wpgb-style-preview ul li[aria-expanded]:after{border-top-left-radius:2px;border-bottom-right-radius:2px;border-top-right-radius:2px;border-bottom-left-radius:2px}.wpgb-facet.wpgb-style-preview ul li[aria-expanded=false]:after,.wpgb-facet.wpgb-style-preview ul li[aria-expanded=true]:after{background-color:var(--wpgb-dark-scheme-1);background-image:linear-gradient(var(--wpgb-light-scheme-1),var(--wpgb-light-scheme-1)),linear-gradient(var(--wpgb-light-scheme-1),var(--wpgb-light-scheme-1))}.wpgb-facet.wpgb-style-preview .wpgb-toggle-hidden{align-self:stretch;padding-top:12px;padding-bottom:12px;color:var(--wpgb-light-scheme-1);background:var(--wpgb-dark-scheme-1)}.wpgb-facet.wpgb-style-preview .wpgb-toggle-hidden:hover{background:var(--wpgb-dark-scheme-2)}.wpgb-facet.wpgb-style-preview .wpgb-checkbox-facet .wpgb-checkbox .wpgb-checkbox-control,.wpgb-facet.wpgb-style-preview .wpgb-radio-facet .wpgb-radio .wpgb-radio-control{border-top-color:var(--wpgb-dark-scheme-1);border-right-color:var(--wpgb-dark-scheme-1);border-bottom-color:var(--wpgb-dark-scheme-1);border-width:1px;border-left-color:var(--wpgb-dark-scheme-1)}.wpgb-facet.wpgb-style-preview .wpgb-radio[aria-pressed=true] .wpgb-radio-control{border-color:var(--wpgb-accent-scheme-1)}.wpgb-facet.wpgb-style-preview .wpgb-select-placeholder,.wpgb-facet.wpgb-style-preview select.wpgb-select{padding-top:8px;padding-bottom:8px}.wpgb-facet.wpgb-style-preview .wpgb-select,.wpgb-facet.wpgb-style-preview select.wpgb-select+.wpgb-select-controls{border-top-color:var(--wpgb-dark-scheme-1);border-right-color:var(--wpgb-dark-scheme-1);border-bottom-color:var(--wpgb-dark-scheme-1);border-width:1px;border-left-color:var(--wpgb-dark-scheme-1)}.wpgb-facet.wpgb-style-preview .wpgb-select{border-top-left-radius:2px;border-bottom-right-radius:2px;border-top-right-radius:2px;border-bottom-left-radius:2px}.wpgb-facet.wpgb-style-preview select.wpgb-select+.wpgb-select-controls{margin:0-2px;border-style:solid;border-color:transparent}.wpgb-facet.wpgb-style-preview .wpgb-select.wpgb-select-focused,.wpgb-facet.wpgb-style-preview .wpgb-select:focus{border-color:var(--wpgb-accent-scheme-1)}.wpgb-facet.wpgb-style-preview .wpgb-select .wpgb-select-separator,.wpgb-facet.wpgb-style-preview select.wpgb-select+.wpgb-select-controls .wpgb-select-separator{display:none}.wpgb-facet.wpgb-style-preview .acplt-clear svg,.wpgb-facet.wpgb-style-preview .wpgb-clear-button svg,.wpgb-facet.wpgb-style-preview .wpgb-locate-button svg,.wpgb-facet.wpgb-style-preview .wpgb-select-clear svg,.wpgb-facet.wpgb-style-preview .wpgb-select-controls .wpgb-select-toggle,.wpgb-facet.wpgb-style-preview .wpgb-select-toggle svg{stroke-width:1.5}.wpgb-facet.wpgb-style-preview .wpgb-select-clear,.wpgb-facet.wpgb-style-preview .wpgb-select-controls .wpgb-select-toggle{color:var(--wpgb-dark-scheme-1)}.wpgb-facet.wpgb-style-preview .wpgb-select-loader span{background:var(--wpgb-dark-scheme-1)}.wpgb-facet.wpgb-style-preview .wpgb-select .wpgb-select-values .wpgb-select-value{color:var(--wpgb-dark-scheme-1);background:var(--wpgb-light-scheme-3)}.wpgb-facet.wpgb-style-preview .wpgb-select .wpgb-select-values .wpgb-select-remove:hover{color:#f5683d;background:rgba(0,0,0,.02)}.wpgb-style-preview.wpgb-select-dropdown li.wpgb-focused:not([aria-selected=true]){background:var(--wpgb-light-scheme-2)}.wpgb-style-preview.wpgb-select-dropdown li[aria-selected=true]{color:var(--wpgb-light-scheme-1);background:var(--wpgb-accent-scheme-1)}.wpgb-facet.wpgb-style-preview .wpgb-select-clear:hover,.wpgb-facet.wpgb-style-preview li .wpgb-rating-label span{color:var(--wpgb-dark-scheme-3)}.wpgb-facet.wpgb-style-preview [role=button].wpgb-button,.wpgb-facet.wpgb-style-preview input.wpgb-input{padding-top:8px;padding-bottom:8px;border-top-color:var(--wpgb-dark-scheme-1);border-right-color:var(--wpgb-dark-scheme-1);border-bottom-color:var(--wpgb-dark-scheme-1);border-width:1px;border-left-color:var(--wpgb-dark-scheme-1);border-top-left-radius:2px;border-bottom-right-radius:2px;border-top-right-radius:2px;border-bottom-left-radius:2px}.wpgb-facet.wpgb-style-preview [role=button].wpgb-button[aria-pressed=true]{border-color:transparent}.wpgb-facet.wpgb-style-preview .wpgb-number-facet{display:flex;align-items:flex-end;gap:8px}.wpgb-facet.wpgb-style-preview .wpgb-number-label{flex-grow:1}.wpgb-facet.wpgb-style-preview .acplt-clear,.wpgb-facet.wpgb-style-preview .acplt-loader,.wpgb-facet.wpgb-style-preview .wpgb-clear-button,.wpgb-facet.wpgb-style-preview .wpgb-input-icon,.wpgb-facet.wpgb-style-preview .wpgb-locate-button{margin:0-2px;border-style:solid;border-top-color:var(--wpgb-dark-scheme-1);border-right-color:var(--wpgb-dark-scheme-1);border-bottom-color:var(--wpgb-dark-scheme-1);border-width:1px;border-left-color:var(--wpgb-dark-scheme-1);border-color:transparent}.wpgb-facet.wpgb-style-preview .wpgb-input-icon{margin:0 8px;border-width:0 1px;stroke-width:1.5;color:var(--wpgb-dark-scheme-1)}.wpgb-facet.wpgb-style-preview .wpgb-pagination .wpgb-page:hover>a,.wpgb-facet.wpgb-style-preview input.wpgb-input:hover{border-color:var(--wpgb-dark-scheme-3)}.wpgb-facet.wpgb-style-preview input.wpgb-input:focus{border-color:var(--wpgb-accent-scheme-1)}.wpgb-facet.wpgb-style-preview .wpgb-number-label span{padding-top:4px;padding-bottom:4px;text-transform:uppercase;font-size:12px;font-weight:500}.wpgb-facet.wpgb-style-preview .wpgb-number-submit{padding-top:12px;padding-bottom:12px;border-color:transparent;border-top-left-radius:2px;border-bottom-right-radius:2px;border-top-right-radius:2px;border-bottom-left-radius:2px;background:var(--wpgb-dark-scheme-1);color:var(--wpgb-light-scheme-1)}.wpgb-facet.wpgb-style-preview .wpgb-number-submit:not(:disabled):hover{background:var(--wpgb-dark-scheme-2)}.wpgb-facet.wpgb-style-preview .wpgb-number-submit:focus{background:var(--wpgb-accent-scheme-1)}.wpgb-facet.wpgb-style-preview .wpgb-range-slider{height:4px}.wpgb-facet.wpgb-style-preview .wpgb-range-clear,.wpgb-facet.wpgb-style-preview button.wpgb-button{border-top-left-radius:2px;border-bottom-right-radius:2px;border-top-right-radius:2px;border-bottom-left-radius:2px}.wpgb-facet.wpgb-style-preview .acplt-clear,.wpgb-facet.wpgb-style-preview .wpgb-clear-button,.wpgb-facet.wpgb-style-preview .wpgb-rating .wpgb-rating-svg{color:var(--wpgb-dark-scheme-1)}.wpgb-facet.wpgb-style-preview .wpgb-rating:not(.wpgb-rating-reset) .wpgb-rating-svg{stroke-width:1}.wpgb-facet.wpgb-style-preview li .wpgb-color-label{padding:5px 12px;color:var(--wpgb-light-scheme-1);background:var(--wpgb-dark-scheme-1)}.wpgb-facet.wpgb-style-preview li .wpgb-color-label:after{border-top-color:var(--wpgb-dark-scheme-1)}.wpgb-facet.wpgb-style-preview .wpgb-az-index-facet ul:first-child,.wpgb-facet.wpgb-style-preview .wpgb-az-index-facet ul:first-child+ul{justify-content:flex-start}.wpgb-facet.wpgb-style-preview .wpgb-az-index-facet .wpgb-inline-list li,.wpgb-facet.wpgb-style-preview .wpgb-pagination li{margin:0}.wpgb-facet.wpgb-style-preview .wpgb-az-index-facet .wpgb-inline-list{row-gap:12px;column-gap:12px}.wpgb-facet.wpgb-style-preview .wpgb-pagination .wpgb-page>a,.wpgb-facet.wpgb-style-preview li .wpgb-az-index-label{border-top-color:var(--wpgb-dark-scheme-1);border-right-color:var(--wpgb-dark-scheme-1);border-bottom-color:var(--wpgb-dark-scheme-1);border-width:1px;border-style:solid;border-left-color:var(--wpgb-dark-scheme-1);border-top-left-radius:2px;border-bottom-right-radius:2px;border-top-right-radius:2px;border-bottom-left-radius:2px}.wpgb-facet.wpgb-style-preview li .wpgb-az-index-label{padding:8px;font-weight:500;text-align:center;display:flex;justify-content:space-between}.wpgb-facet.wpgb-style-preview .wpgb-pagination{display:flex;flex-wrap:wrap;justify-content:flex-start;row-gap:8px;column-gap:8px}.wpgb-facet.wpgb-style-preview .wpgb-page{height:auto}.wpgb-facet.wpgb-style-preview .wpgb-pagination .wpgb-page>*{padding:8px 16px;font-weight:500;font-size:16px;line-height:24px}.wpgb-facet.wpgb-style-preview .wpgb-pagination .wpgb-page>a{color:var(--wpgb-dark-scheme-1)}.wpgb-facet.wpgb-style-preview .wpgb-pagination .wpgb-page>a[aria-current=true]{background:var(--wpgb-accent-scheme-1);color:var(--wpgb-light-scheme-1);border-color:transparent}.wpgb-facet.wpgb-style-preview .wpgb-result-count{font-size:16px;font-style:italic}.wpgb-facet.wpgb-style-preview .wpgb-locate-button{color:var(--wpgb-dark-scheme-1)}'),
(2, 'Radio type 1 aprilie', '2025-04-19 09:26:51', '2025-04-19 09:26:51', 0, 'radio', '{"name":"Radio type 1 aprilie","type":"radio","styles":{"desktop":{"radio_list_direction":"flex","radio_list_alignment":"flex-start","radio_list_height":"","radio_list_row_gap":"","radio_list_column_gap":"8px","radio_size":"25px","radio_choice_label_padding":{"top":"","right":"","bottom":"","left":""},"radio_choice_label_margin":{"top":"","right":"","bottom":"","left":""},"radio_choice_label_typography":{"text-align":""},"radio_choice_counter_alignment":"","radio_choice_counter_padding":{"top":"","right":"","bottom":"","left":""},"toggle_button_alignment":"","radio_color_pressed":"","radio_border_pressed":"#000000","radio_dot_pressed":"#000000"}},"fonts":{"google":[]}}', '.wpgb-facet.wpgb-style-preview .wpgb-radio-facet ul{display:flex;flex-wrap:wrap;flex-direction:row;align-content:flex-start}.wpgb-facet.wpgb-style-preview .wpgb-radio-facet ul li{margin:0}.wpgb-facet.wpgb-style-preview .wpgb-radio-facet ul:first-child,.wpgb-facet.wpgb-style-preview .wpgb-radio-facet ul:first-child+ul{justify-content:flex-start}.wpgb-facet.wpgb-style-preview .wpgb-radio-facet .wpgb-hierarchical-list{column-gap:8px}.wpgb-facet.wpgb-style-preview .wpgb-radio .wpgb-radio-control{height:25px;width:25px}.wpgb-facet.wpgb-style-preview .wpgb-radio[aria-pressed=true] .wpgb-radio-control{border-color:#000}.wpgb-facet.wpgb-style-preview .wpgb-radio .wpgb-radio-control::after{background:#000}');

-- --------------------------------------------------------

--
-- Table structure for table `BvlzX_wpmailsmtp_debug_events`
--

CREATE TABLE `BvlzX_wpmailsmtp_debug_events` (
  `id` int unsigned NOT NULL AUTO_INCREMENT,
  `content` text CHARACTER SET utf8mb4 COLLATE utf8mb4_unicode_520_ci,
  `initiator` text CHARACTER SET utf8mb4 COLLATE utf8mb4_unicode_520_ci,
  `event_type` tinyint unsigned NOT NULL DEFAULT '0',
  `created_at` timestamp NOT NULL DEFAULT CURRENT_TIMESTAMP,
  PRIMARY KEY (`id`)
) ENGINE=InnoDB  DEFAULT CHARSET=utf8mb4 COLLATE=utf8mb4_unicode_520_ci;

--
-- Dumping data for table `BvlzX_wpmailsmtp_debug_events`
--

INSERT INTO `BvlzX_wpmailsmtp_debug_events` VALUES
(1, 'Mailer: Other SMTP\r\nPHPMailer was able to connect to SMTP server but failed while trying to send an email.', '{"file":"\\/home1\\/piesepla\\/tesselys.com\\/wp-includes\\/user.php","line":2839}', 0, '2025-06-08 05:34:43'),
(2, 'Mailer: Other SMTP\r\nSMTP Error: The following recipients failed: admin@pieseplastic.eu: No Such User Here', '{"file":"\\/home1\\/piesepla\\/tesselys.com\\/wp-includes\\/user.php","line":2839}', 0, '2025-06-08 05:34:43'),
(3, 'Mailer: Other SMTP\r\nPHPMailer was able to connect to SMTP server but failed while trying to send an email.', '{"file":"\\/home1\\/piesepla\\/tesselys.com\\/wp-includes\\/user.php","line":3868}', 0, '2025-06-08 05:35:13'),
(4, 'Mailer: Other SMTP\r\nSMTP Error: The following recipients failed: admin@pieseplastic.eu: No Such User Here', '{"file":"\\/home1\\/piesepla\\/tesselys.com\\/wp-includes\\/user.php","line":3868}', 0, '2025-06-08 05:35:13');

-- --------------------------------------------------------

--
-- Table structure for table `BvlzX_wpmailsmtp_emails_log`
--

CREATE TABLE `BvlzX_wpmailsmtp_emails_log` (
  `id` int unsigned NOT NULL AUTO_INCREMENT,
  `subject` varchar(191) CHARACTER SET utf8mb4 COLLATE utf8mb4_unicode_520_ci NOT NULL,
  `message_id` varchar(255) CHARACTER SET utf8mb4 COLLATE utf8mb4_unicode_520_ci DEFAULT NULL,
  `people` text CHARACTER SET utf8mb4 COLLATE utf8mb4_unicode_520_ci NOT NULL,
  `headers` text CHARACTER SET utf8mb4 COLLATE utf8mb4_unicode_520_ci NOT NULL,
  `error_text` text CHARACTER SET utf8mb4 COLLATE utf8mb4_unicode_520_ci,
  `content_plain` longtext CHARACTER SET utf8mb4 COLLATE utf8mb4_unicode_520_ci NOT NULL,
  `content_html` longtext CHARACTER SET utf8mb4 COLLATE utf8mb4_unicode_520_ci NOT NULL,
  `status` tinyint unsigned NOT NULL DEFAULT '0',
  `date_sent` timestamp NOT NULL DEFAULT CURRENT_TIMESTAMP,
  `mailer` varchar(255) CHARACTER SET utf8mb4 COLLATE utf8mb4_unicode_520_ci NOT NULL,
  `attachments` tinyint unsigned NOT NULL DEFAULT '0',
  `initiator_name` varchar(255) CHARACTER SET utf8mb4 COLLATE utf8mb4_unicode_520_ci DEFAULT NULL,
  `initiator_file` text CHARACTER SET utf8mb4 COLLATE utf8mb4_unicode_520_ci,
  `parent_id` int unsigned NOT NULL DEFAULT '0',
  PRIMARY KEY (`id`),
  KEY `status` (`status`),
  KEY `message_id` (`message_id`) USING BTREE,
  KEY `date_sent` (`date_sent`) USING BTREE,
  KEY `date_sent_status` (`date_sent`,`status`) USING BTREE,
  KEY `subject` (`subject`)
) ENGINE=InnoDB  DEFAULT CHARSET=utf8mb4 COLLATE=utf8mb4_unicode_520_ci;

--
-- Dumping data for table `BvlzX_wpmailsmtp_emails_log`
--

INSERT INTO `BvlzX_wpmailsmtp_emails_log` VALUES
(1, 'WP Mail SMTP: HTML Test email to lungrares99@gmail.com', '', '{"to":["lungrares99@gmail.com"],"from":"team@tesselys.com"}', '["Date: Sat, 7 Jun 2025 04:51:45 +0000","To: lungrares99@gmail.com","From: Tesselys <team@tesselys.com>","Subject: WP Mail SMTP: HTML Test email to lungrares99@gmail.com","Message-ID: <gEthVMynQdkwtoSfFgogzbzH027qiNed58QMt4lx1GY@tesselys.com>","X-Mailer: WPMailSMTP\\/Mailer\\/smtp 4.4.0","X-Mailer-Type: WPMailSMTP\\/Admin\\/Test","MIME-Version: 1.0","Content-Type: text\\/html; charset=UTF-8"]', '', '', '', 1, '2025-06-07 04:51:45', 'smtp', 0, 'WP Mail SMTP Pro', '/home1/piesepla/tesselys.com/staging/wp-content/plugins/wp-mail-smtp-pro/src/Admin/Pages/TestTab.php:351', 0),
(2, 'Comanda ta 17235 este in procesare - Tesselys', '', '{"to":["ftyh@dfh.com"],"from":"team@tesselys.com"}', '["Date: Sun, 8 Jun 2025 04:47:39 +0000","To: ftyh@dfh.com","From: Piese Plastic <team@tesselys.com>","Reply-To: Piese Plastic <admin@pieseplastic.eu>","Subject: Comanda ta 17235 este in procesare - Tesselys","Message-ID: <3Oy4J83r5M6A5z8A0Ox7dUr9QqRV13wuE5lCXDbaA@tesselys.com>","X-Mailer: WPMailSMTP\\/Mailer\\/smtp 4.4.0","MIME-Version: 1.0","Content-Type: text\\/html; charset=UTF-8","Content-Transfer-Encoding: 8bit"]', '', '', '', 1, '2025-06-08 04:47:39', 'smtp', 0, 'WooCommerce', '/home1/piesepla/tesselys.com/staging/wp-content/plugins/woocommerce/includes/emails/class-wc-email.php:876', 0),
(3, 'Tesselys - Weekly Report for May 26 - June 1', '', '{"to":["lungrares99@gmail.com"],"from":"team@tesselys.com"}', '["Date: Sun, 8 Jun 2025 05:29:08 +0000","To: lungrares99@gmail.com","From: Tesselys <team@tesselys.com>","Subject: Tesselys - Weekly Report for May 26 - June 1","Message-ID: <9Vt5m1OkbpayjXNnA7b7lMGDSu3O45NpvzZhRJoV0@tesselys.com>","X-Mailer: WPMailSMTP\\/Mailer\\/smtp 4.4.0","MIME-Version: 1.0","Content-Type: text\\/html; charset=UTF-8","Content-Transfer-Encoding: quoted-printable"]', '', '', '', 1, '2025-06-08 05:29:08', 'smtp', 0, 'FunnelKit Automations', '/home1/piesepla/tesselys.com/staging/wp-content/plugins/wp-marketing-automations/includes/api/notification/class-bwfan-api-send-test-notification.php:88', 0),
(4, '[Tesselys] Email Change Request', '', '{"to":["team@tesselys.com"],"from":"team@tesselys.com"}', '["Date: Sun, 8 Jun 2025 05:34:07 +0000","To: team@tesselys.com","From: Tesselys <team@tesselys.com>","Subject: [Tesselys] Email Change Request","Message-ID: <CGoYlZBHnA63m5HjFf5uMAGBzDo7DqvJyzh7olNluM@tesselys.com>","X-Mailer: WPMailSMTP\\/Mailer\\/smtp 4.4.0","MIME-Version: 1.0","Content-Type: text\\/plain; charset=UTF-8"]', '', '', '', 1, '2025-06-08 05:34:07', 'smtp', 0, 'WP Core', '/home1/piesepla/tesselys.com/staging/wp-includes/user.php:3868', 0),
(5, '[Tesselys] Email Changed', '', '{"to":["admin@pieseplastic.eu"],"from":"team@tesselys.com"}', '["Date: Sun, 8 Jun 2025 05:34:43 +0000","To: admin@pieseplastic.eu","From: Tesselys <team@tesselys.com>","Subject: [Tesselys] Email Changed","Message-ID: <HLRc35IRMnLz8IBqXzHDThb00Pbd78iNuthxAUnmg@tesselys.com>","X-Mailer: WPMailSMTP\\/Mailer\\/smtp 4.4.0","MIME-Version: 1.0","Content-Type: text\\/plain; charset=UTF-8"]', 'SMTP Error: The following recipients failed: admin@pieseplastic.eu: No Such User Here', '', '', 0, '2025-06-08 05:34:43', 'smtp', 0, 'WP Core', '/home1/piesepla/tesselys.com/staging/wp-includes/user.php:2839', 0),
(6, '[Tesselys] Email Change Request', '', '{"to":["admin@pieseplastic.eu"],"from":"team@tesselys.com"}', '["Date: Sun, 8 Jun 2025 05:35:13 +0000","To: admin@pieseplastic.eu","From: Tesselys <team@tesselys.com>","Subject: [Tesselys] Email Change Request","Message-ID: <QkinttWKhW6uOdVQC174tqsM3gVc7swi90IHbEMAc@tesselys.com>","X-Mailer: WPMailSMTP\\/Mailer\\/smtp 4.4.0","MIME-Version: 1.0","Content-Type: text\\/plain; charset=UTF-8"]', 'SMTP Error: The following recipients failed: admin@pieseplastic.eu: No Such User Here', '', '', 0, '2025-06-08 05:35:13', 'smtp', 0, 'WP Core', '/home1/piesepla/tesselys.com/staging/wp-includes/user.php:3868', 0),
(7, 'Translation updates for Tesselys until 08/June/2025', '', '{"to":["team@tesselys.com"],"from":"team@tesselys.com"}', '["Date: Sun, 8 Jun 2025 13:02:43 +0000","To: team@tesselys.com","From: Tesselys <team@tesselys.com>","Subject: Translation updates for Tesselys until 08\\/June\\/2025","Message-ID: <I7WqwuQO5uSrcEAyaiIC401AbvDd2Tnld1MEzsgQ@tesselys.com>","X-Mailer: WPMailSMTP\\/Mailer\\/smtp 4.4.0","MIME-Version: 1.0","Content-Type: text\\/html; charset=UTF-8","Content-Transfer-Encoding: 8bit"]', '', '', '', 1, '2025-06-08 13:02:43', 'smtp', 0, 'WPML Multilingual CMS', '/home1/piesepla/tesselys.com/staging/wp-content/plugins/sitepress-multilingual-cms/classes/emails/notification/summary/class-wpml-tm-jobs-summary-report-process.php:52', 0),
(8, 'Your Tesselys order has been received!', '', '{"to":["team@tesselys.com"],"from":"admin@pieseplastic.eu"}', '["Date: Sun, 8 Jun 2025 15:13:31 +0000","To: team@tesselys.com","From: Piese Plastic <admin@pieseplastic.eu>","Reply-To: admin@pieseplastic.eu","Subject: Your Tesselys order has been received!","Message-ID: <Vbr8eMBNNCYudQbzw6s9A0smXHJYEQVSxSIG70PHM@tesselys.com>","X-Mailer: WPMailSMTP\\/Mailer\\/smtp 4.4.0","MIME-Version: 1.0","Content-Type: text\\/html; charset=UTF-8","Content-Transfer-Encoding: quoted-printable"]', '', '', '', 1, '2025-06-08 15:13:31', 'smtp', 0, 'FunnelKit Automations Pro', '/home1/piesepla/tesselys.com/staging/wp-content/plugins/wp-marketing-automations-pro/crm/includes/abstracts/class-bwfcrm-transactional-mail-base.php:253', 0),
(9, 'Tesselys - Weekly Report for June 2 - June 8', '', '{"to":["lungrares99@gmail.com"],"from":"team@tesselys.com"}', '["Date: Mon, 9 Jun 2025 06:56:13 +0000","To: lungrares99@gmail.com","From: Tesselys <team@tesselys.com>","Subject: Tesselys - Weekly Report for June 2 - June 8","Message-ID: <bS834Zh4wkvHrcLrkZeOWMRO8luAIA28OTVhn0ams@tesselys.com>","X-Mailer: WPMailSMTP\\/Mailer\\/smtp 4.4.0","MIME-Version: 1.0","Content-Type: text\\/html; charset=UTF-8","Content-Transfer-Encoding: quoted-printable"]', '', '', '', 1, '2025-06-09 06:56:13', 'smtp', 0, 'FunnelKit Automations', '/home1/piesepla/tesselys.com/staging/wp-content/plugins/wp-marketing-automations/modules/emails/class-bwfan-notification-email.php:330', 0),
(10, 'Tesselys - Weekly Report for June 2 - June 8', '', '{"to":["team@tesselys.com"],"from":"team@tesselys.com"}', '["Date: Mon, 9 Jun 2025 06:56:14 +0000","To: team@tesselys.com","From: Tesselys <team@tesselys.com>","Subject: Tesselys - Weekly Report for June 2 - June 8","Message-ID: <gmgZJzQJb0BJUZL4g8UWqNNUmgxL7gj0As6G1vQr0@tesselys.com>","X-Mailer: WPMailSMTP\\/Mailer\\/smtp 4.4.0","MIME-Version: 1.0","Content-Type: text\\/html; charset=UTF-8","Content-Transfer-Encoding: quoted-printable"]', '', '', '', 1, '2025-06-09 06:56:14', 'smtp', 0, 'FunnelKit Automations', '/home1/piesepla/tesselys.com/staging/wp-content/plugins/wp-marketing-automations/modules/emails/class-bwfan-notification-email.php:330', 0),
(11, 'Weekly Report for June 2, 2025 - June 8, 2025', '', '{"to":["team@tesselys.com"],"from":"team@tesselys.com"}', '["Date: Mon, 9 Jun 2025 10:11:14 +0000","To: team@tesselys.com","From: Tesselys <team@tesselys.com>","Subject: Weekly Report for June 2, 2025 - June 8, 2025","Message-ID: <fmEWblG0j5UwZt0xUqS2aM0rNMT4MDfRhRN3u9o@tesselys.com>","X-Mailer: WPMailSMTP\\/Mailer\\/smtp 4.4.0","MIME-Version: 1.0","Content-Type: text\\/html; charset=UTF-8","Content-Transfer-Encoding: quoted-printable"]', '', '', '', 1, '2025-06-09 10:11:14', 'smtp', 0, 'FunnelKit Funnel Builder', '/home1/piesepla/tesselys.com/staging/wp-content/plugins/funnel-builder/includes/class-wffn-email-notification.php:276', 0),
(12, 'Weekly Report for June 2, 2025 - June 8, 2025', '', '{"to":["team@tesselys.com"],"from":"team@tesselys.com"}', '["Date: Mon, 9 Jun 2025 10:11:14 +0000","To: team@tesselys.com","From: Tesselys <team@tesselys.com>","Subject: Weekly Report for June 2, 2025 - June 8, 2025","Message-ID: <Dn8PfAYhv0Cr3qFdSOkWGcmkoAMuI2sOsuD7R9YC9g@tesselys.com>","X-Mailer: WPMailSMTP\\/Mailer\\/smtp 4.4.0","MIME-Version: 1.0","Content-Type: text\\/html; charset=UTF-8","Content-Transfer-Encoding: quoted-printable"]', '', '', '', 1, '2025-06-09 10:11:14', 'smtp', 0, 'FunnelKit Funnel Builder', '/home1/piesepla/tesselys.com/staging/wp-content/plugins/funnel-builder/includes/class-wffn-email-notification.php:276', 0),
(13, 'Your Tesselys order has been received!', '', '{"to":["team@tesselys.com"],"from":"admin@pieseplastic.eu"}', '["Date: Mon, 9 Jun 2025 16:52:30 +0000","To: team@tesselys.com","From: Piese Plastic <admin@pieseplastic.eu>","Reply-To: admin@pieseplastic.eu","Subject: Your Tesselys order has been received!","Message-ID: <ErCFBZOeKT9u4DhlUpOC0PsbbxTcLUZ5H2Q4QTGym8@tesselys.com>","X-Mailer: WPMailSMTP\\/Mailer\\/smtp 4.4.0","MIME-Version: 1.0","Content-Type: text\\/html; charset=UTF-8","Content-Transfer-Encoding: quoted-printable"]', '', '', '', 1, '2025-06-09 16:52:30', 'smtp', 0, 'FunnelKit Automations Pro', '/home1/piesepla/tesselys.com/staging/wp-content/plugins/wp-marketing-automations-pro/crm/includes/abstracts/class-bwfcrm-transactional-mail-base.php:253', 0),
(14, 'Your Tesselys order has been received!', '', '{"to":["team@tesselys.com"],"from":"admin@pieseplastic.eu"}', '["Date: Mon, 9 Jun 2025 16:54:06 +0000","To: team@tesselys.com","From: Piese Plastic <admin@pieseplastic.eu>","Reply-To: admin@pieseplastic.eu","Subject: Your Tesselys order has been received!","Message-ID: <2ZI0oaIRt9WLBtQGI7bxjIOJ9UgZreWGd4krMVcszQ@tesselys.com>","X-Mailer: WPMailSMTP\\/Mailer\\/smtp 4.4.0","MIME-Version: 1.0","Content-Type: text\\/html; charset=UTF-8","Content-Transfer-Encoding: quoted-printable"]', '', '', '', 1, '2025-06-09 16:54:06', 'smtp', 0, 'FunnelKit Automations Pro', '/home1/piesepla/tesselys.com/staging/wp-content/plugins/wp-marketing-automations-pro/crm/includes/abstracts/class-bwfcrm-transactional-mail-base.php:253', 0),
(15, 'Your Tesselys order has been received!', '', '{"to":["team@tesselys.com"],"from":"admin@pieseplastic.eu"}', '["Date: Mon, 9 Jun 2025 16:55:24 +0000","To: team@tesselys.com","From: Piese Plastic <admin@pieseplastic.eu>","Reply-To: admin@pieseplastic.eu","Subject: Your Tesselys order has been received!","Message-ID: <bsuEt5mAxP5h1k4e1LEp4ruZNnf0nLMQ2s6NergRk@tesselys.com>","X-Mailer: WPMailSMTP\\/Mailer\\/smtp 4.4.0","MIME-Version: 1.0","Content-Type: text\\/html; charset=UTF-8","Content-Transfer-Encoding: quoted-printable"]', '', '', '', 1, '2025-06-09 16:55:24', 'smtp', 0, 'FunnelKit Automations Pro', '/home1/piesepla/tesselys.com/staging/wp-content/plugins/wp-marketing-automations-pro/crm/includes/abstracts/class-bwfcrm-transactional-mail-base.php:253', 0),
(16, 'New translation job from Tesselys', '', '{"to":["team@tesselys.com"],"from":"team@tesselys.com"}', '["Date: Wed, 11 Jun 2025 08:22:19 +0000","To: team@tesselys.com","From: Tesselys <team@tesselys.com>","Subject: New translation job from Tesselys","Message-ID: <NeSTEWbPeJ2yaJV64o0WpaSVA4x6F0ah9ww1jQ1R0Tc@tesselys.com>","X-Mailer: WPMailSMTP\\/Mailer\\/smtp 4.4.0","MIME-Version: 1.0","Content-Type: text\\/html; charset=UTF-8"]', '', '', '', 1, '2025-06-11 08:22:19', 'smtp', 0, 'WPML Multilingual CMS', '/home1/piesepla/tesselys.com/staging/wp-content/plugins/sitepress-multilingual-cms/classes/emails/report/class-wpml-tm-batch-report-email-process.php:46', 0),
(17, 'Translation updates for Tesselys until 15/June/2025', '', '{"to":["team@tesselys.com"],"from":"team@tesselys.com"}', '["Date: Sun, 15 Jun 2025 13:20:47 +0000","To: team@tesselys.com","From: Tesselys <team@tesselys.com>","Subject: Translation updates for Tesselys until 15\\/June\\/2025","Message-ID: <xssmVZOYtP4xghyYi7bG8Z4Hj3JMWUKxBMaBdHml5k@tesselys.com>","X-Mailer: WPMailSMTP\\/Mailer\\/smtp 4.4.0","MIME-Version: 1.0","Content-Type: text\\/html; charset=UTF-8","Content-Transfer-Encoding: 8bit"]', '', '', '', 1, '2025-06-15 13:20:47', 'smtp', 0, 'WPML Multilingual CMS', '/home1/piesepla/tesselys.com/staging/wp-content/plugins/sitepress-multilingual-cms/classes/emails/notification/summary/class-wpml-tm-jobs-summary-report-process.php:52', 0),
(18, '[Tesselys] Gateway-ul de plată „Numerar la livrare” este activat', '', '{"to":["team@tesselys.com"],"from":"team@tesselys.com"}', '["Date: Mon, 16 Jun 2025 02:34:46 +0000","To: team@tesselys.com","From: Tesselys <team@tesselys.com>","Subject: =?UTF-8?Q?[Tesselys]_Gateway-ul_de_plat=C4=83_=E2=80=9ENumerar_la_livrare=E2=80=9D_este_activat?=","Message-ID: <vWrrDqficVOMQzgg889cavNiLEJigWHj5dVqon35c8@tesselys.com>","X-Mailer: WPMailSMTP\\/Mailer\\/smtp 4.4.0","MIME-Version: 1.0","Content-Type: text\\/plain; charset=UTF-8","Content-Transfer-Encoding: 8bit"]', '', '', '', 1, '2025-06-16 02:34:46', 'smtp', 0, 'WooCommerce', '/home1/piesepla/tesselys.com/staging/wp-content/plugins/woocommerce/includes/class-wc-payment-gateways.php:263', 0),
(19, 'Your Tesselys order has been received!', '', '{"to":["team@tesselys.com"],"from":"admin@pieseplastic.eu"}', '["Date: Mon, 16 Jun 2025 02:37:01 +0000","To: team@tesselys.com","From: Piese Plastic <admin@pieseplastic.eu>","Reply-To: admin@pieseplastic.eu","Subject: Your Tesselys order has been received!","Message-ID: <aSvXFw0aCPRJ927MuKDcnWfDEpuj1DhArQEUTs45ULg@tesselys.com>","X-Mailer: WPMailSMTP\\/Mailer\\/smtp 4.4.0","MIME-Version: 1.0","Content-Type: text\\/html; charset=UTF-8","Content-Transfer-Encoding: quoted-printable"]', '', '', '', 1, '2025-06-16 02:37:01', 'smtp', 0, 'FunnelKit Automations Pro', '/home1/piesepla/tesselys.com/staging/wp-content/plugins/wp-marketing-automations-pro/crm/includes/abstracts/class-bwfcrm-transactional-mail-base.php:253', 0),
(20, 'Tesselys - Weekly Report for June 9 - June 15', '', '{"to":["lungrares99@gmail.com"],"from":"team@tesselys.com"}', '["Date: Mon, 16 Jun 2025 06:33:57 +0000","To: lungrares99@gmail.com","From: Tesselys <team@tesselys.com>","Subject: Tesselys - Weekly Report for June 9 - June 15","Message-ID: <RIgjC2yyuWAi3jwIv19OmYaoduFoCYXqhH2kgKJOQzk@tesselys.com>","X-Mailer: WPMailSMTP\\/Mailer\\/smtp 4.4.0","MIME-Version: 1.0","Content-Type: text\\/html; charset=UTF-8","Content-Transfer-Encoding: quoted-printable"]', '', '', '', 1, '2025-06-16 06:33:57', 'smtp', 0, 'FunnelKit Automations', '/home1/piesepla/tesselys.com/staging/wp-content/plugins/wp-marketing-automations/modules/emails/class-bwfan-notification-email.php:330', 0),
(21, 'Tesselys - Weekly Report for June 9 - June 15', '', '{"to":["team@tesselys.com"],"from":"team@tesselys.com"}', '["Date: Mon, 16 Jun 2025 06:33:59 +0000","To: team@tesselys.com","From: Tesselys <team@tesselys.com>","Subject: Tesselys - Weekly Report for June 9 - June 15","Message-ID: <sKVo6NMHqEh8v9xdenC1vgtLFLabpH80x9AMSUg@tesselys.com>","X-Mailer: WPMailSMTP\\/Mailer\\/smtp 4.4.0","MIME-Version: 1.0","Content-Type: text\\/html; charset=UTF-8","Content-Transfer-Encoding: quoted-printable"]', '', '', '', 1, '2025-06-16 06:33:59', 'smtp', 0, 'FunnelKit Automations', '/home1/piesepla/tesselys.com/staging/wp-content/plugins/wp-marketing-automations/modules/emails/class-bwfan-notification-email.php:330', 0),
(22, 'Your Tesselys order has been received!', '', '{"to":["team@tesselys.com"],"from":"admin@pieseplastic.eu"}', '["Date: Tue, 17 Jun 2025 16:13:24 +0000","To: team@tesselys.com","From: Piese Plastic <admin@pieseplastic.eu>","Reply-To: admin@pieseplastic.eu","Subject: Your Tesselys order has been received!","Message-ID: <Jl4xBS8sz5DQ06PiK7k8IOm1CtLtGt8rb1d5db2LI@tesselys.com>","X-Mailer: WPMailSMTP\\/Mailer\\/smtp 4.4.0","MIME-Version: 1.0","Content-Type: text\\/html; charset=UTF-8","Content-Transfer-Encoding: quoted-printable"]', '', '', '', 1, '2025-06-17 16:13:24', 'smtp', 0, 'FunnelKit Automations Pro', '/home1/piesepla/tesselys.com/staging/wp-content/plugins/wp-marketing-automations-pro/crm/includes/abstracts/class-bwfcrm-transactional-mail-base.php:253', 0),
(23, 'Tesselys - Weekly Report for June 16 - June 22', '', '{"to":["lungrares99@gmail.com"],"from":"team@tesselys.com"}', '["Date: Mon, 23 Jun 2025 06:30:19 +0000","To: lungrares99@gmail.com","From: Tesselys <team@tesselys.com>","Subject: Tesselys - Weekly Report for June 16 - June 22","Message-ID: <kHT4JRPJNJNAgvE8SUO1IhfLbifJ6aGKC3GDLmzQGI@tesselys.com>","X-Mailer: WPMailSMTP\\/Mailer\\/smtp 4.4.0","MIME-Version: 1.0","Content-Type: text\\/html; charset=UTF-8","Content-Transfer-Encoding: quoted-printable"]', '', '', '', 1, '2025-06-23 06:30:19', 'smtp', 0, 'FunnelKit Automations', '/home1/piesepla/tesselys.com/staging/wp-content/plugins/wp-marketing-automations/modules/emails/class-bwfan-notification-email.php:330', 0),
(24, 'Tesselys - Weekly Report for June 16 - June 22', '', '{"to":["team@tesselys.com"],"from":"team@tesselys.com"}', '["Date: Mon, 23 Jun 2025 06:30:20 +0000","To: team@tesselys.com","From: Tesselys <team@tesselys.com>","Subject: Tesselys - Weekly Report for June 16 - June 22","Message-ID: <y3JBHXTsnibDXLivGeOa4pPAm3WyytWGKKOiE4Xho@tesselys.com>","X-Mailer: WPMailSMTP\\/Mailer\\/smtp 4.4.0","MIME-Version: 1.0","Content-Type: text\\/html; charset=UTF-8","Content-Transfer-Encoding: quoted-printable"]', '', '', '', 1, '2025-06-23 06:30:20', 'smtp', 0, 'FunnelKit Automations', '/home1/piesepla/tesselys.com/staging/wp-content/plugins/wp-marketing-automations/modules/emails/class-bwfan-notification-email.php:330', 0),
(25, 'Tesselys - Monthly Report for June 1 - June 30', '', '{"to":["lungrares99@gmail.com"],"from":"team@tesselys.com"}', '["Date: Tue, 1 Jul 2025 06:33:04 +0000","To: lungrares99@gmail.com","From: Tesselys <team@tesselys.com>","Subject: Tesselys - Monthly Report for June 1 - June 30","Message-ID: <I8ED63aIFOJotr1ltU1I7VY9v6xRnuVJZAxw2FET5MY@tesselys.com>","X-Mailer: WPMailSMTP\\/Mailer\\/smtp 4.4.0","MIME-Version: 1.0","Content-Type: text\\/html; charset=UTF-8","Content-Transfer-Encoding: quoted-printable"]', '', '', '', 1, '2025-07-01 06:33:04', 'smtp', 0, 'FunnelKit Automations', '/home1/piesepla/tesselys.com/staging/wp-content/plugins/wp-marketing-automations/modules/emails/class-bwfan-notification-email.php:330', 0),
(26, 'Tesselys - Monthly Report for June 1 - June 30', '', '{"to":["team@tesselys.com"],"from":"team@tesselys.com"}', '["Date: Tue, 1 Jul 2025 06:33:06 +0000","To: team@tesselys.com","From: Tesselys <team@tesselys.com>","Subject: Tesselys - Monthly Report for June 1 - June 30","Message-ID: <gySlAPElutblbxV1WEhuIsDygnOZI3SRbup6YFUi6Og@tesselys.com>","X-Mailer: WPMailSMTP\\/Mailer\\/smtp 4.4.0","MIME-Version: 1.0","Content-Type: text\\/html; charset=UTF-8","Content-Transfer-Encoding: quoted-printable"]', '', '', '', 1, '2025-07-01 06:33:06', 'smtp', 0, 'FunnelKit Automations', '/home1/piesepla/tesselys.com/staging/wp-content/plugins/wp-marketing-automations/modules/emails/class-bwfan-notification-email.php:330', 0),
(27, '[Tesselys] Your site has updated to WordPress 6.8.2', '', '{"to":["team@tesselys.com"],"from":"team@tesselys.com"}', '["Date: Thu, 17 Jul 2025 05:54:02 +0000","To: team@tesselys.com","From: Tesselys <team@tesselys.com>","Subject: [Tesselys] Your site has updated to WordPress 6.8.2","Message-ID: <u4N7icwLi2c7IcvCH5UOHq9G1HBSkVgFL1ioRf74D84@tesselys.com>","X-Mailer: WPMailSMTP\\/Mailer\\/smtp 4.4.0","MIME-Version: 1.0","Content-Type: text\\/plain; charset=UTF-8"]', '', '', '', 1, '2025-07-17 05:54:02', 'smtp', 0, 'WP Core', '/home1/piesepla/tesselys.com/staging/wp-admin/includes/class-wp-automatic-updater.php:1149', 0);

-- --------------------------------------------------------

--
-- Table structure for table `BvlzX_wpmailsmtp_tasks_meta`
--

CREATE TABLE `BvlzX_wpmailsmtp_tasks_meta` (
  `id` bigint NOT NULL AUTO_INCREMENT,
  `action` varchar(255) CHARACTER SET utf8mb4 COLLATE utf8mb4_unicode_520_ci NOT NULL,
  `data` longtext CHARACTER SET utf8mb4 COLLATE utf8mb4_unicode_520_ci NOT NULL,
  `date` datetime NOT NULL,
  PRIMARY KEY (`id`)
) ENGINE=InnoDB  DEFAULT CHARSET=utf8mb4 COLLATE=utf8mb4_unicode_520_ci;

--
-- Dumping data for table `BvlzX_wpmailsmtp_tasks_meta`
--

INSERT INTO `BvlzX_wpmailsmtp_tasks_meta` VALUES
(1, 'wp_mail_smtp_admin_notifications_update', 'W10=', '2025-04-13 18:35:35'),
(2, 'wp_mail_smtp_admin_notifications_update', 'W10=', '2025-06-07 04:47:57');

-- --------------------------------------------------------

--
-- Table structure for table `BvlzX_wt_iew_action_history`
--

CREATE TABLE `BvlzX_wt_iew_action_history` (
  `id` int NOT NULL AUTO_INCREMENT,
  `template_type` varchar(255) CHARACTER SET utf8mb4 COLLATE utf8mb4_unicode_520_ci NOT NULL,
  `item_type` varchar(255) CHARACTER SET utf8mb4 COLLATE utf8mb4_unicode_520_ci NOT NULL,
  `file_name` varchar(255) CHARACTER SET utf8mb4 COLLATE utf8mb4_unicode_520_ci NOT NULL,
  `created_at` int NOT NULL DEFAULT '0',
  `status` int NOT NULL DEFAULT '0',
  `status_text` varchar(255) CHARACTER SET utf8mb4 COLLATE utf8mb4_unicode_520_ci NOT NULL,
  `offset` int NOT NULL DEFAULT '0',
  `total` int NOT NULL DEFAULT '0',
  `data` longtext CHARACTER SET utf8mb4 COLLATE utf8mb4_unicode_520_ci NOT NULL,
  PRIMARY KEY (`id`)
) ENGINE=InnoDB DEFAULT CHARSET=utf8mb4 COLLATE=utf8mb4_unicode_520_ci;

-- --------------------------------------------------------

--
-- Table structure for table `BvlzX_wt_iew_mapping_template`
--

CREATE TABLE `BvlzX_wt_iew_mapping_template` (
  `id` int NOT NULL AUTO_INCREMENT,
  `template_type` varchar(255) CHARACTER SET utf8mb4 COLLATE utf8mb4_unicode_520_ci NOT NULL,
  `item_type` varchar(255) CHARACTER SET utf8mb4 COLLATE utf8mb4_unicode_520_ci NOT NULL,
  `name` varchar(255) CHARACTER SET utf8mb4 COLLATE utf8mb4_unicode_520_ci NOT NULL,
  `data` longtext CHARACTER SET utf8mb4 COLLATE utf8mb4_unicode_520_ci NOT NULL,
  PRIMARY KEY (`id`)
) ENGINE=InnoDB DEFAULT CHARSET=utf8mb4 COLLATE=utf8mb4_unicode_520_ci;

-- --------------------------------------------------------

--
-- Table structure for table `BvlzX_yoast_indexable`
--

CREATE TABLE `BvlzX_yoast_indexable` (
  `id` int unsigned NOT NULL AUTO_INCREMENT,
  `permalink` longtext CHARACTER SET utf8mb4 COLLATE utf8mb4_unicode_520_ci,
  `permalink_hash` varchar(40) CHARACTER SET utf8mb4 COLLATE utf8mb4_unicode_520_ci DEFAULT NULL,
  `object_id` bigint DEFAULT NULL,
  `object_type` varchar(32) CHARACTER SET utf8mb4 COLLATE utf8mb4_unicode_520_ci NOT NULL,
  `object_sub_type` varchar(32) CHARACTER SET utf8mb4 COLLATE utf8mb4_unicode_520_ci DEFAULT NULL,
  `author_id` bigint DEFAULT NULL,
  `post_parent` bigint DEFAULT NULL,
  `title` text CHARACTER SET utf8mb4 COLLATE utf8mb4_unicode_520_ci,
  `description` mediumtext CHARACTER SET utf8mb4 COLLATE utf8mb4_unicode_520_ci,
  `breadcrumb_title` text CHARACTER SET utf8mb4 COLLATE utf8mb4_unicode_520_ci,
  `post_status` varchar(20) CHARACTER SET utf8mb4 COLLATE utf8mb4_unicode_520_ci DEFAULT NULL,
  `is_public` tinyint(1) DEFAULT NULL,
  `is_protected` tinyint(1) DEFAULT '0',
  `has_public_posts` tinyint(1) DEFAULT NULL,
  `number_of_pages` int unsigned DEFAULT NULL,
  `canonical` longtext CHARACTER SET utf8mb4 COLLATE utf8mb4_unicode_520_ci,
  `primary_focus_keyword` varchar(191) CHARACTER SET utf8mb4 COLLATE utf8mb4_unicode_520_ci DEFAULT NULL,
  `primary_focus_keyword_score` int DEFAULT NULL,
  `readability_score` int DEFAULT NULL,
  `is_cornerstone` tinyint(1) DEFAULT '0',
  `is_robots_noindex` tinyint(1) DEFAULT '0',
  `is_robots_nofollow` tinyint(1) DEFAULT '0',
  `is_robots_noarchive` tinyint(1) DEFAULT '0',
  `is_robots_noimageindex` tinyint(1) DEFAULT '0',
  `is_robots_nosnippet` tinyint(1) DEFAULT '0',
  `twitter_title` text CHARACTER SET utf8mb4 COLLATE utf8mb4_unicode_520_ci,
  `twitter_image` longtext CHARACTER SET utf8mb4 COLLATE utf8mb4_unicode_520_ci,
  `twitter_description` longtext CHARACTER SET utf8mb4 COLLATE utf8mb4_unicode_520_ci,
  `twitter_image_id` varchar(191) CHARACTER SET utf8mb4 COLLATE utf8mb4_unicode_520_ci DEFAULT NULL,
  `twitter_image_source` text CHARACTER SET utf8mb4 COLLATE utf8mb4_unicode_520_ci,
  `open_graph_title` text CHARACTER SET utf8mb4 COLLATE utf8mb4_unicode_520_ci,
  `open_graph_description` longtext CHARACTER SET utf8mb4 COLLATE utf8mb4_unicode_520_ci,
  `open_graph_image` longtext CHARACTER SET utf8mb4 COLLATE utf8mb4_unicode_520_ci,
  `open_graph_image_id` varchar(191) CHARACTER SET utf8mb4 COLLATE utf8mb4_unicode_520_ci DEFAULT NULL,
  `open_graph_image_source` text CHARACTER SET utf8mb4 COLLATE utf8mb4_unicode_520_ci,
  `open_graph_image_meta` mediumtext CHARACTER SET utf8mb4 COLLATE utf8mb4_unicode_520_ci,
  `link_count` int DEFAULT NULL,
  `incoming_link_count` int DEFAULT NULL,
  `prominent_words_version` int unsigned DEFAULT NULL,
  `created_at` datetime DEFAULT NULL,
  `updated_at` timestamp NOT NULL DEFAULT CURRENT_TIMESTAMP ON UPDATE CURRENT_TIMESTAMP,
  `blog_id` bigint NOT NULL DEFAULT '1',
  `language` varchar(32) CHARACTER SET utf8mb4 COLLATE utf8mb4_unicode_520_ci DEFAULT NULL,
  `region` varchar(32) CHARACTER SET utf8mb4 COLLATE utf8mb4_unicode_520_ci DEFAULT NULL,
  `schema_page_type` varchar(64) CHARACTER SET utf8mb4 COLLATE utf8mb4_unicode_520_ci DEFAULT NULL,
  `schema_article_type` varchar(64) CHARACTER SET utf8mb4 COLLATE utf8mb4_unicode_520_ci DEFAULT NULL,
  `has_ancestors` tinyint(1) DEFAULT '0',
  `estimated_reading_time_minutes` int DEFAULT NULL,
  `version` int DEFAULT '1',
  `object_last_modified` datetime DEFAULT NULL,
  `object_published_at` datetime DEFAULT NULL,
  `inclusive_language_score` int DEFAULT NULL,
  PRIMARY KEY (`id`),
  KEY `object_type_and_sub_type` (`object_type`,`object_sub_type`),
  KEY `object_id_and_type` (`object_id`,`object_type`),
  KEY `permalink_hash_and_object_type` (`permalink_hash`,`object_type`),
  KEY `subpages` (`post_parent`,`object_type`,`post_status`,`object_id`),
  KEY `prominent_words` (`prominent_words_version`,`object_type`,`object_sub_type`,`post_status`),
  KEY `published_sitemap_index` (`object_published_at`,`is_robots_noindex`,`object_type`,`object_sub_type`)
) ENGINE=InnoDB  DEFAULT CHARSET=utf8mb4 COLLATE=utf8mb4_unicode_520_ci;

--
-- Dumping data for table `BvlzX_yoast_indexable`
--

INSERT INTO `BvlzX_yoast_indexable` VALUES
(2, 'https://tesselys.com/staging/', '21:7421e10a19b97769e56a65251f8f3512', NULL, 'home-page', NULL, NULL, NULL, '%%sitename%% %%page%% %%sep%% %%sitedesc%%', 'Soluții Durabile și Accesibile pentru Orice Proiect', 'Prima pagină', NULL, NULL, 0, NULL, NULL, NULL, NULL, NULL, NULL, 0, 0, 0, 0, 0, 0, NULL, NULL, NULL, NULL, NULL, '%%sitename%%', '', '', '0', NULL, NULL, NULL, 9, NULL, '2024-12-22 18:40:14', '2025-07-15 09:05:51', 1, NULL, NULL, NULL, NULL, 0, NULL, 2, '2025-06-17 16:17:42', '2017-06-14 14:35:55', NULL),
(3, 'https://tesselys.com/staging/', '21:7421e10a19b97769e56a65251f8f3512', 9423, 'post', 'page', 1, 0, NULL, NULL, 'Home', 'publish', NULL, 0, NULL, NULL, NULL, NULL, NULL, 30, 0, NULL, 0, NULL, NULL, NULL, NULL, NULL, NULL, NULL, NULL, NULL, NULL, NULL, NULL, NULL, NULL, 5, 4, NULL, '2024-12-22 18:40:14', '2025-06-17 19:16:12', 1, NULL, NULL, NULL, NULL, 0, 2, 2, '2025-06-08 03:52:09', '2017-06-14 09:23:16', 0),
(5, 'https://tesselys.com/staging/?post_type=product', '39:1696a0018d2e060c703a5c88efb1cf16', NULL, 'post-type-archive', 'product', NULL, NULL, 'Arhivă %%pt_plural%% %%page%% %%sep%% %%sitename%%', '', 'Produse', NULL, 1, 0, NULL, NULL, NULL, NULL, NULL, NULL, 0, 0, 0, 0, 0, 0, NULL, NULL, NULL, NULL, NULL, NULL, NULL, NULL, NULL, NULL, NULL, NULL, NULL, NULL, '2024-12-22 18:41:03', '2025-07-15 09:05:51', 1, NULL, NULL, NULL, NULL, 0, NULL, 2, '2025-06-15 12:32:08', '2017-06-14 08:50:29', NULL),
(6, 'https://tesselys.com/staging/colectie/', '30:cfd5c77aa0124c6cbe0760fbe4203e97', 1249, 'post', 'page', 1, 0, NULL, NULL, 'Collections', 'publish', NULL, 0, NULL, NULL, NULL, NULL, NULL, 90, 0, NULL, 0, NULL, NULL, NULL, NULL, NULL, NULL, NULL, NULL, NULL, NULL, NULL, NULL, NULL, NULL, 0, 1, NULL, '2024-12-22 18:41:03', '2025-06-15 09:03:39', 1, NULL, NULL, NULL, NULL, 0, 1, 2, '2025-06-12 15:56:51', '2021-07-14 12:30:09', 0),
(51, 'https://tesselys.com/staging/my-account/', '32:43c0919c0605e80469bcc52350e53029', 9, 'post', 'page', 1, 0, NULL, NULL, 'My account', 'publish', NULL, 0, NULL, NULL, NULL, NULL, NULL, 90, 0, NULL, 0, NULL, NULL, NULL, NULL, NULL, NULL, NULL, NULL, NULL, NULL, NULL, NULL, NULL, NULL, 16, 26, NULL, '2024-12-22 18:41:42', '2025-04-20 18:44:12', 1, NULL, NULL, NULL, NULL, 0, 2, 2, '2025-04-20 18:44:10', '2024-12-22 08:43:26', 0),
(52, 'https://tesselys.com/staging/cancellation-policy/', '41:872927f14ce24052ca051ceeb84c94ce', 10, 'post', 'page', 1, 0, NULL, NULL, 'Cancellation policy', 'publish', NULL, 0, NULL, NULL, NULL, NULL, NULL, 60, 0, NULL, 0, NULL, NULL, NULL, NULL, NULL, NULL, NULL, NULL, NULL, NULL, NULL, NULL, NULL, NULL, 0, 6, NULL, '2024-12-22 18:41:42', '2025-06-17 19:16:12', 1, NULL, NULL, NULL, NULL, 0, 2, 2, '2025-04-20 19:17:11', '2024-12-22 12:18:11', 0),
(92, NULL, NULL, NULL, 'system-page', '404', NULL, NULL, 'Nu am găsit pagina %%sep%% %%sitename%%', NULL, 'Eroare 404: pagină negăsită', NULL, NULL, 0, NULL, NULL, NULL, NULL, NULL, NULL, 0, 1, 0, 0, 0, 0, NULL, NULL, NULL, NULL, NULL, NULL, NULL, NULL, NULL, NULL, NULL, NULL, NULL, NULL, '2024-12-22 18:41:44', '2025-04-20 18:42:34', 1, NULL, NULL, NULL, NULL, 0, NULL, 1, NULL, NULL, NULL),
(93, NULL, NULL, NULL, 'system-page', 'search-result', NULL, NULL, 'Ai căutat după %%searchphrase%% %%page%% %%sep%% %%sitename%%', NULL, NULL, NULL, NULL, 0, NULL, NULL, NULL, NULL, NULL, NULL, 0, 1, 0, 0, 0, 0, NULL, NULL, NULL, NULL, NULL, NULL, NULL, NULL, NULL, NULL, NULL, NULL, NULL, NULL, '2024-12-22 18:41:44', '2025-04-20 19:05:35', 1, NULL, NULL, NULL, NULL, 0, NULL, 1, NULL, NULL, NULL),
(94, NULL, NULL, NULL, 'date-archive', NULL, NULL, NULL, '%%date%% %%page%% %%sep%% %%sitename%%', '', NULL, NULL, 0, 0, NULL, NULL, NULL, NULL, NULL, NULL, 0, 1, 0, 0, 0, 0, NULL, NULL, NULL, NULL, NULL, NULL, NULL, NULL, NULL, NULL, NULL, NULL, NULL, NULL, '2024-12-22 18:41:44', '2025-04-23 19:45:17', 1, NULL, NULL, NULL, NULL, 0, NULL, 1, NULL, NULL, NULL),
(98, 'https://tesselys.com/staging/?post_type=product', '42:f27cd100943c705c515260ef3f2d9915', NULL, 'post-type-archive', 'product', NULL, NULL, 'Arhivă %%pt_plural%% %%page%% %%sep%% %%sitename%%', '', 'Produse', NULL, 1, 0, NULL, NULL, NULL, NULL, NULL, NULL, 0, 0, 0, 0, 0, 0, NULL, NULL, NULL, NULL, NULL, NULL, NULL, NULL, NULL, NULL, NULL, NULL, NULL, NULL, '2024-12-23 18:40:49', '2024-12-23 18:40:49', 1, NULL, NULL, NULL, NULL, 0, NULL, 2, '2024-12-23 10:02:41', '2017-06-14 08:50:29', NULL),
(121, 'https://tesselys.com/staging/category/uncategorized-en/', '47:617465de653ad36877098161b5936a20', 113, 'term', 'category', NULL, NULL, NULL, NULL, 'Uncategorized', NULL, NULL, 0, NULL, NULL, NULL, NULL, NULL, NULL, 0, NULL, NULL, NULL, NULL, NULL, NULL, NULL, NULL, NULL, NULL, NULL, NULL, NULL, NULL, NULL, NULL, 0, NULL, NULL, '2025-04-20 12:23:29', '2025-04-23 20:02:47', 1, NULL, NULL, NULL, NULL, 0, NULL, 2, NULL, NULL, NULL),
(122, 'https://tesselys.com/staging/category/uncategorized-en/', '47:617465de653ad36877098161b5936a20', 147, 'term', 'category', NULL, NULL, NULL, NULL, 'Uncategorized', NULL, NULL, 0, NULL, NULL, NULL, NULL, NULL, NULL, 0, NULL, NULL, NULL, NULL, NULL, NULL, NULL, NULL, NULL, NULL, NULL, NULL, NULL, NULL, NULL, NULL, 0, NULL, NULL, '2025-04-20 12:23:29', '2025-04-23 20:02:47', 1, NULL, NULL, NULL, NULL, 0, NULL, 2, NULL, NULL, NULL),
(123, 'https://tesselys.com/staging/brand/tesselys/', '36:bd1e85840d4f2a8bcd3efa974b537d1e', 155, 'term', 'product_brand', NULL, NULL, NULL, NULL, 'Tesselys', NULL, NULL, 0, NULL, NULL, NULL, NULL, NULL, NULL, 0, NULL, NULL, NULL, NULL, NULL, NULL, NULL, NULL, NULL, NULL, NULL, NULL, NULL, NULL, NULL, NULL, 0, NULL, NULL, '2025-04-20 12:23:29', '2025-07-15 09:05:51', 1, NULL, NULL, NULL, NULL, 0, NULL, 2, '2025-06-15 12:28:00', '2025-02-28 19:12:39', NULL),
(145, 'https://tesselys.com/staging/cookies-usage-policy/', '42:58c8ab63480c6859d2aa9840ad69659f', 12773, 'post', 'page', 1, 0, NULL, NULL, 'Cookies usage policy', 'publish', NULL, 0, NULL, NULL, NULL, NULL, NULL, 60, 0, NULL, 0, NULL, NULL, NULL, NULL, NULL, NULL, NULL, NULL, NULL, NULL, NULL, NULL, NULL, NULL, 0, 4, NULL, '2025-04-20 12:23:31', '2025-06-17 19:16:12', 1, NULL, NULL, NULL, NULL, 0, 4, 2, '2025-04-20 18:30:41', '2025-03-07 09:26:13', 0),
(147, 'https://tesselys.com/staging/cart/', '26:bf5f0b73d40654e86c6373bdb43fea8b', 13972, 'post', 'page', 1, 0, NULL, NULL, 'Cart', 'publish', NULL, 0, NULL, NULL, NULL, NULL, NULL, 90, 0, NULL, 0, NULL, NULL, NULL, NULL, NULL, NULL, NULL, NULL, NULL, NULL, NULL, NULL, NULL, NULL, 7, NULL, NULL, '2025-04-20 12:23:31', '2025-04-20 18:42:34', 1, NULL, NULL, NULL, NULL, 0, 1, 2, '2025-04-20 18:14:24', '2025-04-14 18:41:06', 0),
(149, 'https://tesselys.com/staging/checkout/', '30:b164db414c50a026bf90906fe59dc523', 14467, 'post', 'page', 1, 0, NULL, NULL, 'Checkout', 'publish', NULL, 0, NULL, NULL, NULL, NULL, NULL, 0, 0, NULL, 0, NULL, NULL, NULL, NULL, NULL, NULL, NULL, NULL, NULL, NULL, NULL, NULL, NULL, NULL, 0, 1, NULL, '2025-04-20 12:23:31', '2025-04-20 18:42:34', 1, NULL, NULL, NULL, NULL, 0, NULL, 2, '2025-04-14 19:44:58', '2025-04-14 19:44:58', 0),
(178, 'https://tesselys.com/staging/contact/', '29:59a8469d0078023456f4785fa1d82d7a', 15708, 'post', 'page', 1, 0, NULL, NULL, 'Contact', 'publish', NULL, 0, NULL, NULL, NULL, NULL, NULL, 90, 0, NULL, 0, NULL, NULL, NULL, NULL, NULL, NULL, NULL, NULL, NULL, NULL, NULL, NULL, NULL, NULL, 0, 7, NULL, '2025-04-20 17:31:33', '2025-06-17 19:16:12', 1, NULL, NULL, NULL, NULL, 0, 1, 2, '2025-04-20 18:42:07', '2025-03-07 12:00:38', 0),
(179, 'https://tesselys.com/staging/terms-and-conditions/', '42:c22f3af0936a099dd4f1c2c88f347e23', 15711, 'post', 'page', 1, 0, NULL, NULL, 'Terms and conditions', 'publish', NULL, 0, NULL, NULL, NULL, NULL, NULL, 30, 0, NULL, 0, NULL, NULL, NULL, NULL, NULL, NULL, NULL, NULL, NULL, NULL, NULL, NULL, NULL, NULL, 2, 4, NULL, '2025-04-20 17:32:42', '2025-06-17 19:16:12', 1, NULL, NULL, NULL, NULL, 0, 9, 2, '2025-04-20 19:14:55', '2024-12-22 15:28:55', 0),
(180, 'https://tesselys.com/staging/about-us/', '30:a77f023806a92f741997298a2dd1338e', 15713, 'post', 'page', 1, 0, NULL, NULL, 'About us', 'publish', NULL, 0, NULL, NULL, NULL, NULL, NULL, 90, 0, NULL, 0, NULL, NULL, NULL, NULL, NULL, NULL, NULL, NULL, NULL, NULL, NULL, NULL, NULL, NULL, 0, 4, NULL, '2025-04-20 17:33:48', '2025-06-17 19:16:12', 1, NULL, NULL, NULL, NULL, 0, 1, 2, '2025-04-20 19:16:34', '2025-03-07 11:49:35', 0),
(181, 'https://tesselys.com/staging/shipping-policy/', '37:9e0f05a3c9e62ddf1cd4d7bbcb5d994a', 15715, 'post', 'page', 1, 0, NULL, NULL, 'Shipping policy', 'publish', NULL, 0, NULL, NULL, NULL, NULL, NULL, 60, 0, NULL, 0, NULL, NULL, NULL, NULL, NULL, NULL, NULL, NULL, NULL, NULL, NULL, NULL, NULL, NULL, 1, 4, NULL, '2025-04-20 17:34:26', '2025-06-17 19:16:12', 1, NULL, NULL, NULL, NULL, 0, 2, 2, '2025-04-20 18:53:33', '2024-12-22 15:19:23', 0),
(182, 'https://tesselys.com/staging/privacy-policy/', '36:788adfea7af0cde9fc7b99e2633ec55b', 15717, 'post', 'page', 1, 0, NULL, NULL, 'Privacy policy', 'publish', NULL, 0, NULL, NULL, NULL, NULL, NULL, 60, 0, NULL, 0, NULL, NULL, NULL, NULL, NULL, NULL, NULL, NULL, NULL, NULL, NULL, NULL, NULL, NULL, 0, 5, NULL, '2025-04-20 17:35:25', '2025-06-17 19:16:12', 1, NULL, NULL, NULL, NULL, 0, 5, 2, '2025-04-20 18:48:26', '2024-12-22 11:42:21', 0),
(183, 'https://tesselys.com/staging/order-tracking/', '36:eddfd49525dbcaf35ae55f62a85e4468', 15741, 'post', 'page', 1, 0, NULL, NULL, 'Order tracking', 'publish', NULL, 0, NULL, NULL, NULL, NULL, NULL, 90, 0, NULL, 0, NULL, NULL, NULL, NULL, NULL, NULL, NULL, NULL, NULL, NULL, NULL, NULL, NULL, NULL, 0, 4, NULL, '2025-04-20 17:52:54', '2025-06-17 19:16:12', 1, NULL, NULL, NULL, NULL, 0, 1, 2, '2025-04-20 18:45:37', '2025-04-20 17:52:54', 0),
(185, 'https://tesselys.com/staging/faq/', '25:ec5fd4fb84138fd4219c245deb88db37', 15745, 'post', 'page', 1, 0, NULL, NULL, 'FAQ', 'publish', NULL, 0, NULL, NULL, NULL, NULL, NULL, 30, 0, NULL, 0, NULL, NULL, NULL, NULL, 'https://cdn.shopify.com/s/files/1/2492/1632/files/Sphera_Groessen_18454257-9f5c-4772-8988-8f8ad693f341_480x480.png?v=1730909965', NULL, NULL, 'first-content-image', NULL, NULL, 'https://cdn.shopify.com/s/files/1/2492/1632/files/Sphera_Groessen_18454257-9f5c-4772-8988-8f8ad693f341_480x480.png?v=1730909965', NULL, 'first-content-image', NULL, 4, 1, NULL, '2025-04-20 17:54:09', '2025-06-15 15:14:01', 1, NULL, NULL, NULL, NULL, 0, 11, 2, '2025-04-20 18:41:50', '2025-04-20 17:54:09', 0),
(186, 'https://tesselys.com/staging/samples/', '29:16c942b80fc4e6737006e135d52bbc6c', 15747, 'post', 'page', 1, 0, NULL, NULL, 'Samples', 'publish', NULL, 0, NULL, NULL, NULL, NULL, NULL, 90, 0, NULL, 0, NULL, NULL, NULL, NULL, NULL, NULL, NULL, NULL, NULL, NULL, NULL, NULL, NULL, NULL, 0, 2, NULL, '2025-04-20 17:54:30', '2025-06-07 08:15:44', 1, NULL, NULL, NULL, NULL, 0, 1, 2, '2025-04-20 18:58:54', '2025-04-20 17:54:30', 0),
(187, 'https://tesselys.com/staging/installation/', '34:87cc9d1de488c87281481baf9ea27b7f', 15818, 'post', 'page', 1, 0, NULL, NULL, 'Installation', 'publish', NULL, 0, NULL, NULL, NULL, NULL, NULL, 90, 0, NULL, 0, NULL, NULL, NULL, NULL, NULL, NULL, NULL, NULL, NULL, NULL, NULL, NULL, NULL, NULL, 0, 2, NULL, '2025-04-20 18:38:45', '2025-04-20 22:25:43', 1, NULL, NULL, NULL, NULL, 0, 1, 2, '2025-04-20 18:42:44', '2025-04-20 18:38:45', 0),
(195, 'https://tesselys.com/staging/colectii/luma/luma-orb-solo-calder/', '56:9563e6e6a35773c9606f002d512f1a28', 16110, 'post', 'product', 1, 0, NULL, NULL, 'Luma Solo Orb Calder', 'publish', NULL, 0, NULL, NULL, NULL, NULL, NULL, 90, 0, NULL, 0, NULL, NULL, NULL, NULL, 'https://tesselys.com/staging/wp-content/uploads/2-2.webp', NULL, '16958', 'featured-image', NULL, NULL, 'https://tesselys.com/staging/wp-content/uploads/2-2-800x800.webp', '16958', 'featured-image', '{"width":800,"height":800,"filesize":449646,"path":"./2-2-800x800.webp","url":"https://tesselys.com/staging/wp-content/uploads/2-2-800x800.webp","size":"large","id":16958,"alt":"","pixels":640000,"type":"image/webp"}', 0, 2, NULL, '2025-05-16 20:31:27', '2025-06-15 15:14:01', 1, NULL, NULL, NULL, NULL, 0, 1, 2, '2025-06-09 18:39:33', '2025-05-16 20:31:27', 0),
(196, 'https://tesselys.com/staging/inspiration/', '33:221efd13850930b4d4750e369934bc03', 17101, 'post', 'page', 1, 0, NULL, NULL, 'Inspiration', 'publish', NULL, 0, NULL, NULL, NULL, NULL, NULL, 90, 0, NULL, 0, NULL, NULL, NULL, NULL, NULL, NULL, NULL, NULL, NULL, NULL, NULL, NULL, NULL, NULL, 2, NULL, NULL, '2025-06-07 04:55:31', '2025-06-07 04:56:40', 1, NULL, NULL, NULL, NULL, 0, 1, 2, '2025-06-07 04:56:38', '2025-06-07 04:55:31', 0),
(197, 'https://tesselys.com/staging/en/collections/luma/luma-solo-orb-harrys/', '62:42dc039915d88f18851df824955de6ee', 16919, 'post', 'product', 1, 0, NULL, NULL, 'Luma Solo Orb Harrys', 'publish', NULL, 0, NULL, NULL, NULL, NULL, NULL, 90, 0, NULL, 0, NULL, NULL, NULL, NULL, 'https://tesselys.com/staging/wp-content/uploads/4.webp', NULL, '16935', 'featured-image', NULL, NULL, 'https://tesselys.com/staging/wp-content/uploads/4.webp', '16935', 'featured-image', '{"width":1920,"height":1920,"filesize":896626,"url":"https://tesselys.com/staging/wp-content/uploads/4.webp","path":"/home1/piesepla/tesselys.com/staging/wp-content/uploads/4.webp","size":"full","id":16935,"alt":"","pixels":3686400,"type":"image/webp"}', 0, 2, NULL, '2025-06-07 04:56:40', '2025-06-15 11:54:56', 1, NULL, NULL, NULL, NULL, 0, 1, 2, '2025-06-15 11:54:55', '2025-06-02 10:19:49', 0),
(198, 'https://tesselys.com/staging/checkouts/store-checkout-en/', '49:05706cd8b507b98fc086ef24d819cd1d', 16837, 'post', 'wfacp_checkout', 1, 0, NULL, NULL, 'Store Checkout EN', 'publish', NULL, 0, NULL, NULL, NULL, NULL, NULL, 60, 0, NULL, 0, NULL, NULL, NULL, NULL, 'https://tesselys.com/staging/wp-content/plugins/funnel-builder-pro/modules/checkout/assets/img/down-arrow.svg', NULL, NULL, 'first-content-image', NULL, NULL, 'https://tesselys.com/staging/wp-content/plugins/funnel-builder-pro/modules/checkout/assets/img/down-arrow.svg', NULL, 'first-content-image', NULL, 11, NULL, NULL, '2025-06-07 05:26:51', '2025-06-08 05:04:43', 1, NULL, NULL, NULL, NULL, 0, 8, 2, '2025-06-08 05:04:43', '2025-05-29 17:41:15', 0),
(199, 'https://tesselys.com/staging/', '21:7421e10a19b97769e56a65251f8f3512', 16709, 'post', 'page', 1, 0, NULL, NULL, 'Acasa', 'publish', NULL, 0, NULL, NULL, NULL, NULL, NULL, 60, 0, NULL, 0, NULL, NULL, NULL, NULL, NULL, NULL, NULL, NULL, NULL, NULL, NULL, NULL, NULL, NULL, 0, NULL, NULL, '2025-06-07 05:36:44', '2025-06-15 12:14:01', 1, NULL, NULL, NULL, NULL, 0, 3, 2, '2025-06-15 12:14:01', '2017-06-14 07:23:16', 0),
(200, 'https://tesselys.com/staging/size/200/', '30:fa29fa6f0f1d079ec4b37fa4d9e20a5b', 157, 'term', 'pa_size', NULL, NULL, NULL, NULL, '200', NULL, NULL, 0, NULL, NULL, NULL, NULL, NULL, NULL, 0, NULL, NULL, NULL, NULL, NULL, NULL, NULL, NULL, NULL, NULL, NULL, NULL, NULL, NULL, NULL, NULL, 0, NULL, NULL, '2025-06-07 05:42:33', '2025-06-15 12:28:00', 1, NULL, NULL, NULL, NULL, 0, NULL, 2, '2025-06-15 12:28:00', '2025-05-16 20:31:27', NULL),
(201, 'https://tesselys.com/staging/colectii/', '30:2df099313b2f1770ee0a1acc1e4a7fc2', 16860, 'post', 'page', 1, 0, NULL, NULL, 'Colecții', 'publish', NULL, 0, NULL, NULL, NULL, NULL, NULL, 0, 0, NULL, 0, NULL, NULL, NULL, NULL, NULL, NULL, NULL, NULL, NULL, NULL, NULL, NULL, NULL, NULL, 0, 0, NULL, '2025-06-07 05:54:16', '2025-06-15 15:14:01', 1, NULL, NULL, NULL, NULL, 0, NULL, 2, '2025-06-12 16:02:18', '2021-07-14 10:30:09', 0),
(202, 'https://tesselys.com/staging/privacy-policy/', '36:788adfea7af0cde9fc7b99e2633ec55b', 16882, 'post', 'page', 1, 0, NULL, NULL, 'Politica de confidențialitate', 'publish', NULL, 0, NULL, NULL, NULL, NULL, NULL, 0, 0, NULL, 0, NULL, NULL, NULL, NULL, NULL, NULL, NULL, NULL, NULL, NULL, NULL, NULL, NULL, NULL, 0, NULL, NULL, '2025-06-07 05:54:16', '2025-06-07 05:54:16', 1, NULL, NULL, NULL, NULL, 0, NULL, 2, '2025-05-30 08:05:48', '2024-12-22 06:42:21', 0),
(203, 'https://tesselys.com/staging/my-account/', '32:43c0919c0605e80469bcc52350e53029', 16864, 'post', 'page', 1, 0, NULL, NULL, 'Contul meu', 'publish', NULL, 0, NULL, NULL, NULL, NULL, NULL, 0, 0, NULL, 0, NULL, NULL, NULL, NULL, NULL, NULL, NULL, NULL, NULL, NULL, NULL, NULL, NULL, NULL, 0, NULL, NULL, '2025-06-07 05:54:16', '2025-06-07 06:09:20', 1, NULL, NULL, NULL, NULL, 0, NULL, 2, '2025-05-30 06:38:05', '2024-12-22 06:43:26', 0),
(204, 'https://tesselys.com/staging/cancellation-policy/', '41:872927f14ce24052ca051ceeb84c94ce', 16869, 'post', 'page', 1, 0, NULL, NULL, 'Politica de anulare', 'publish', NULL, 0, NULL, NULL, NULL, NULL, NULL, 0, 0, NULL, 0, NULL, NULL, NULL, NULL, NULL, NULL, NULL, NULL, NULL, NULL, NULL, NULL, NULL, NULL, 0, NULL, NULL, '2025-06-07 05:54:16', '2025-06-07 06:09:20', 1, NULL, NULL, NULL, NULL, 0, NULL, 2, '2025-05-30 06:50:15', '2024-12-22 10:18:11', 0),
(205, 'https://tesselys.com/staging/shipping-policy/', '37:9e0f05a3c9e62ddf1cd4d7bbcb5d994a', 16884, 'post', 'page', 1, 0, NULL, NULL, 'Politica de livrare', 'publish', NULL, 0, NULL, NULL, NULL, NULL, NULL, 0, 0, NULL, 0, NULL, NULL, NULL, NULL, NULL, NULL, NULL, NULL, NULL, NULL, NULL, NULL, NULL, NULL, 1, NULL, NULL, '2025-06-07 05:54:16', '2025-06-07 06:09:20', 1, NULL, NULL, NULL, NULL, 0, NULL, 2, '2025-05-30 08:10:17', '2024-12-22 10:19:23', 0),
(206, 'https://tesselys.com/staging/terms-and-conditions/', '42:c22f3af0936a099dd4f1c2c88f347e23', 16886, 'post', 'page', 1, 0, NULL, NULL, 'Termeni și condiții', 'publish', NULL, 0, NULL, NULL, NULL, NULL, NULL, 0, 0, NULL, 0, NULL, NULL, NULL, NULL, NULL, NULL, NULL, NULL, NULL, NULL, NULL, NULL, NULL, NULL, 2, NULL, NULL, '2025-06-07 05:54:16', '2025-06-07 06:24:21', 1, NULL, NULL, NULL, NULL, 0, NULL, 2, '2025-05-30 08:18:53', '2024-12-22 10:28:55', 0),
(207, 'https://tesselys.com/staging/about-us/', '30:a77f023806a92f741997298a2dd1338e', 16812, 'post', 'page', 1, 0, NULL, NULL, 'Despre noi', 'publish', NULL, 0, NULL, NULL, NULL, NULL, NULL, 0, 0, NULL, 0, NULL, NULL, NULL, NULL, NULL, NULL, NULL, NULL, NULL, NULL, NULL, NULL, NULL, NULL, 0, 7, NULL, '2025-06-07 05:54:16', '2025-06-17 19:16:01', 1, NULL, NULL, NULL, NULL, 0, NULL, 2, '2025-05-29 17:13:45', '2025-03-07 06:49:35', 0),
(208, 'https://tesselys.com/staging/contact/', '29:59a8469d0078023456f4785fa1d82d7a', 16875, 'post', 'page', 1, 0, NULL, NULL, 'Contact', 'publish', NULL, 0, NULL, NULL, NULL, NULL, NULL, 0, 0, NULL, 0, NULL, NULL, NULL, NULL, NULL, NULL, NULL, NULL, NULL, NULL, NULL, NULL, NULL, NULL, 0, NULL, NULL, '2025-06-07 05:54:16', '2025-06-07 06:24:21', 1, NULL, NULL, NULL, NULL, 0, NULL, 2, '2025-05-30 06:52:49', '2025-03-07 07:00:38', 0),
(209, 'https://tesselys.com/staging/cookies-usage-policy/', '42:58c8ab63480c6859d2aa9840ad69659f', 16878, 'post', 'page', 1, 0, NULL, NULL, 'Politica de utilizare a cookie-urilor', 'publish', NULL, 0, NULL, NULL, NULL, NULL, NULL, 0, 0, NULL, 0, NULL, NULL, NULL, NULL, NULL, NULL, NULL, NULL, NULL, NULL, NULL, NULL, NULL, NULL, 0, NULL, NULL, '2025-06-07 05:54:16', '2025-06-07 07:29:29', 1, NULL, NULL, NULL, NULL, 0, NULL, 2, '2025-05-30 07:04:03', '2025-03-07 07:26:13', 0),
(210, 'https://tesselys.com/staging/cart/', '26:bf5f0b73d40654e86c6373bdb43fea8b', 16858, 'post', 'page', 1, 0, NULL, NULL, 'Coș', 'publish', NULL, 0, NULL, NULL, NULL, NULL, NULL, 0, 0, NULL, 0, NULL, NULL, NULL, NULL, NULL, NULL, NULL, NULL, NULL, NULL, NULL, NULL, NULL, NULL, 0, NULL, NULL, '2025-06-07 05:54:16', '2025-06-07 07:29:29', 1, NULL, NULL, NULL, NULL, 0, NULL, 2, '2025-05-30 06:36:43', '2025-04-14 13:41:06', 0),
(211, 'https://tesselys.com/staging/checkout/', '30:b164db414c50a026bf90906fe59dc523', 16857, 'post', 'page', 1, 0, NULL, NULL, 'Finalizare', 'publish', NULL, 0, NULL, NULL, NULL, NULL, NULL, 0, 0, NULL, 0, NULL, NULL, NULL, NULL, NULL, NULL, NULL, NULL, NULL, NULL, NULL, NULL, NULL, NULL, 0, NULL, NULL, '2025-06-07 05:54:16', '2025-06-07 07:29:29', 1, NULL, NULL, NULL, NULL, 0, NULL, 2, '2025-04-14 14:44:58', '2025-04-14 14:44:58', 0),
(212, 'https://tesselys.com/staging/order-tracking/', '36:eddfd49525dbcaf35ae55f62a85e4468', 16880, 'post', 'page', 1, 0, NULL, NULL, 'Urmarește comanda', 'publish', NULL, 0, NULL, NULL, NULL, NULL, NULL, 0, 0, NULL, 0, NULL, NULL, NULL, NULL, NULL, NULL, NULL, NULL, NULL, NULL, NULL, NULL, NULL, NULL, 0, NULL, NULL, '2025-06-07 05:54:16', '2025-06-07 08:35:09', 1, NULL, NULL, NULL, NULL, 0, NULL, 2, '2025-05-30 07:55:58', '2025-04-20 12:52:54', 0),
(213, 'https://tesselys.com/staging/faq/', '25:ec5fd4fb84138fd4219c245deb88db37', 17095, 'post', 'page', 1, 0, NULL, NULL, 'FAQ', 'publish', NULL, 0, NULL, NULL, NULL, NULL, NULL, 0, 0, NULL, 0, NULL, NULL, NULL, NULL, NULL, NULL, NULL, NULL, NULL, NULL, NULL, NULL, NULL, NULL, 1, NULL, NULL, '2025-06-07 05:54:16', '2025-06-07 08:35:09', 1, NULL, NULL, NULL, NULL, 0, NULL, 2, '2025-06-07 04:06:10', '2025-04-20 12:54:09', 0),
(214, 'https://tesselys.com/staging/samples/', '29:16c942b80fc4e6737006e135d52bbc6c', 16867, 'post', 'page', 1, 0, NULL, NULL, 'Mostre', 'publish', NULL, 0, NULL, NULL, NULL, NULL, NULL, 0, 0, NULL, 0, NULL, NULL, NULL, NULL, NULL, NULL, NULL, NULL, NULL, NULL, NULL, NULL, NULL, NULL, 0, NULL, NULL, '2025-06-07 05:54:16', '2025-06-07 08:35:09', 1, NULL, NULL, NULL, NULL, 0, NULL, 2, '2025-05-30 06:38:40', '2025-04-20 12:54:30', 0),
(215, 'https://tesselys.com/staging/installation/', '34:87cc9d1de488c87281481baf9ea27b7f', 16862, 'post', 'page', 1, 0, NULL, NULL, 'Instalare', 'publish', NULL, 0, NULL, NULL, NULL, NULL, NULL, 0, 0, NULL, 0, NULL, NULL, NULL, NULL, 'https://tesselys.com/staging/wp-content/uploads/Tesselys-Installation-Guide_page-0001.jpg', NULL, '16911', 'first-content-image', NULL, NULL, 'https://tesselys.com/staging/wp-content/uploads/Tesselys-Installation-Guide_page-0001.jpg', '16911', 'first-content-image', NULL, 0, 1, NULL, '2025-06-07 05:54:16', '2025-06-07 10:06:56', 1, NULL, NULL, NULL, NULL, 0, NULL, 2, '2025-06-07 03:30:48', '2025-04-20 13:38:45', 0),
(216, 'https://tesselys.com/staging/size/300/', '30:e5c311bbcfc1b6b4d431a5a406d05263', 158, 'term', 'pa_size', NULL, NULL, NULL, NULL, '300', NULL, NULL, 0, NULL, NULL, NULL, NULL, NULL, NULL, 0, NULL, NULL, NULL, NULL, NULL, NULL, NULL, NULL, NULL, NULL, NULL, NULL, NULL, NULL, NULL, NULL, 0, NULL, NULL, '2025-06-07 05:54:16', '2025-06-07 10:25:20', 1, NULL, NULL, NULL, NULL, 0, NULL, 2, NULL, NULL, NULL),
(217, 'https://tesselys.com/staging/size/200/', '30:fa29fa6f0f1d079ec4b37fa4d9e20a5b', 163, 'term', 'pa_size', NULL, NULL, NULL, NULL, '200', NULL, NULL, 0, NULL, NULL, NULL, NULL, NULL, NULL, 0, NULL, NULL, NULL, NULL, NULL, NULL, NULL, NULL, NULL, NULL, NULL, NULL, NULL, NULL, NULL, NULL, 0, NULL, NULL, '2025-06-07 05:54:16', '2025-06-15 12:32:08', 1, NULL, NULL, NULL, NULL, 0, NULL, 2, '2025-06-15 12:32:08', '2025-05-16 15:31:27', NULL),
(218, 'https://tesselys.com/staging/size/300/', '30:e5c311bbcfc1b6b4d431a5a406d05263', 164, 'term', 'pa_size', NULL, NULL, NULL, NULL, '300', NULL, NULL, 0, NULL, NULL, NULL, NULL, NULL, NULL, 0, NULL, NULL, NULL, NULL, NULL, NULL, NULL, NULL, NULL, NULL, NULL, NULL, NULL, NULL, NULL, NULL, 0, NULL, NULL, '2025-06-07 05:54:16', '2025-06-07 10:25:20', 1, NULL, NULL, NULL, NULL, 0, NULL, 2, NULL, NULL, NULL),
(219, 'https://tesselys.com/staging/cable-color/white/', '39:1be316c4c25e2a35267aba7583a9d6be', 171, 'term', 'pa_cable-color', NULL, NULL, NULL, NULL, 'White', NULL, NULL, 0, NULL, NULL, NULL, NULL, NULL, NULL, 0, NULL, NULL, NULL, NULL, NULL, NULL, NULL, NULL, NULL, NULL, NULL, NULL, NULL, NULL, NULL, NULL, 0, NULL, NULL, '2025-06-07 05:54:16', '2025-06-15 12:28:00', 1, NULL, NULL, NULL, NULL, 0, NULL, 2, '2025-06-15 12:28:00', '2025-05-16 20:31:27', NULL),
(220, 'https://tesselys.com/staging/cable-color/black/', '39:614732da8829e93644bf9abc5df8df6c', 172, 'term', 'pa_cable-color', NULL, NULL, NULL, NULL, 'Black', NULL, NULL, 0, NULL, NULL, NULL, NULL, NULL, NULL, 0, NULL, NULL, NULL, NULL, NULL, NULL, NULL, NULL, NULL, NULL, NULL, NULL, NULL, NULL, NULL, NULL, 0, NULL, NULL, '2025-06-07 05:54:16', '2025-06-15 12:28:00', 1, NULL, NULL, NULL, NULL, 0, NULL, 2, '2025-06-15 12:28:00', '2025-05-16 20:31:27', NULL),
(221, 'https://tesselys.com/staging/room/living/', '33:55447cac8ebf8ca24f3327fcfa9a4b7b', 191, 'term', 'room', NULL, NULL, NULL, NULL, 'Living', NULL, NULL, 0, NULL, NULL, NULL, NULL, NULL, NULL, 0, NULL, NULL, NULL, NULL, NULL, NULL, NULL, NULL, NULL, NULL, NULL, NULL, NULL, NULL, NULL, NULL, 0, NULL, NULL, '2025-06-07 05:54:16', '2025-06-15 12:08:21', 1, NULL, NULL, NULL, NULL, 0, NULL, 2, '2025-06-15 12:08:21', '2025-06-02 10:19:49', NULL),
(222, 'https://tesselys.com/staging/element/1/', '31:94e5f41dd5dcf08ca861a96bf796faf2', 193, 'term', 'element', NULL, NULL, NULL, NULL, '1', NULL, NULL, 0, NULL, NULL, NULL, NULL, NULL, NULL, 0, NULL, NULL, NULL, NULL, NULL, NULL, NULL, NULL, NULL, NULL, NULL, NULL, NULL, NULL, NULL, NULL, 0, NULL, NULL, '2025-06-07 05:54:16', '2025-06-15 11:54:56', 1, NULL, NULL, NULL, NULL, 0, NULL, 2, '2025-06-15 11:54:55', '2025-05-16 20:31:27', NULL),
(223, 'https://tesselys.com/staging/element/2/', '31:3b0de36f626af7da43fbe162f505061e', 194, 'term', 'element', NULL, NULL, NULL, NULL, '2', NULL, NULL, 0, NULL, NULL, NULL, NULL, NULL, NULL, 0, NULL, NULL, NULL, NULL, NULL, NULL, NULL, NULL, NULL, NULL, NULL, NULL, NULL, NULL, NULL, NULL, 0, NULL, NULL, '2025-06-07 05:54:16', '2025-06-07 06:09:20', 1, NULL, NULL, NULL, NULL, 0, NULL, 2, NULL, NULL, NULL),
(224, 'https://tesselys.com/staging/element/3/', '31:63c9212bf2450efc67f8d916e375d7e0', 195, 'term', 'element', NULL, NULL, NULL, NULL, '3', NULL, NULL, 0, NULL, NULL, NULL, NULL, NULL, NULL, 0, NULL, NULL, NULL, NULL, NULL, NULL, NULL, NULL, NULL, NULL, NULL, NULL, NULL, NULL, NULL, NULL, 0, NULL, NULL, '2025-06-07 05:54:16', '2025-06-15 12:28:00', 1, NULL, NULL, NULL, NULL, 0, NULL, 2, '2025-06-15 12:28:00', NULL, NULL),
(225, 'https://tesselys.com/staging/element/5/', '31:be3c39437a916d827d42b91b3c926920', 197, 'term', 'element', NULL, NULL, NULL, NULL, '5', NULL, NULL, 0, NULL, NULL, NULL, NULL, NULL, NULL, 0, NULL, NULL, NULL, NULL, NULL, NULL, NULL, NULL, NULL, NULL, NULL, NULL, NULL, NULL, NULL, NULL, 0, NULL, NULL, '2025-06-07 05:54:16', '2025-06-15 12:08:21', 1, NULL, NULL, NULL, NULL, 0, NULL, 2, '2025-06-15 12:08:21', NULL, NULL),
(226, 'https://tesselys.com/staging/element/7/', '31:c07c565cfb494e5508debe7a6a6f9bcf', 198, 'term', 'element', NULL, NULL, NULL, NULL, '7', NULL, NULL, 0, NULL, NULL, NULL, NULL, NULL, NULL, 0, NULL, NULL, NULL, NULL, NULL, NULL, NULL, NULL, NULL, NULL, NULL, NULL, NULL, NULL, NULL, NULL, 0, NULL, NULL, '2025-06-07 05:54:16', '2025-06-07 06:24:21', 1, NULL, NULL, NULL, NULL, 0, NULL, 2, NULL, NULL, NULL),
(227, 'https://tesselys.com/staging/element/10/', '32:f7e9953ca7ae9c93648720f16298257a', 200, 'term', 'element', NULL, NULL, NULL, NULL, '10', NULL, NULL, 0, NULL, NULL, NULL, NULL, NULL, NULL, 0, NULL, NULL, NULL, NULL, NULL, NULL, NULL, NULL, NULL, NULL, NULL, NULL, NULL, NULL, NULL, NULL, 0, NULL, NULL, '2025-06-07 05:54:16', '2025-06-07 06:24:21', 1, NULL, NULL, NULL, NULL, 0, NULL, 2, NULL, NULL, NULL),
(228, 'https://tesselys.com/staging/brand/tesselys/', '36:bd1e85840d4f2a8bcd3efa974b537d1e', 202, 'term', 'product_brand', NULL, NULL, NULL, NULL, 'Tesselys', NULL, NULL, 0, NULL, NULL, NULL, NULL, NULL, NULL, 0, NULL, NULL, NULL, NULL, NULL, NULL, NULL, NULL, NULL, NULL, NULL, NULL, NULL, NULL, NULL, NULL, 0, NULL, NULL, '2025-06-07 05:54:16', '2025-06-15 12:32:08', 1, NULL, NULL, NULL, NULL, 0, NULL, 2, '2025-06-15 12:32:08', '2025-05-16 15:31:27', NULL),
(229, 'https://tesselys.com/staging/cable-color/white/', '39:1be316c4c25e2a35267aba7583a9d6be', 203, 'term', 'pa_cable-color', NULL, NULL, NULL, NULL, 'White', NULL, NULL, 0, NULL, NULL, NULL, NULL, NULL, NULL, 0, NULL, NULL, NULL, NULL, NULL, NULL, NULL, NULL, NULL, NULL, NULL, NULL, NULL, NULL, NULL, NULL, 0, NULL, NULL, '2025-06-07 05:54:16', '2025-06-15 12:32:08', 1, NULL, NULL, NULL, NULL, 0, NULL, 2, '2025-06-15 12:32:08', '2025-05-16 15:31:27', NULL),
(230, 'https://tesselys.com/staging/cable-color/black/', '39:614732da8829e93644bf9abc5df8df6c', 204, 'term', 'pa_cable-color', NULL, NULL, NULL, NULL, 'Black', NULL, NULL, 0, NULL, NULL, NULL, NULL, NULL, NULL, 0, NULL, NULL, NULL, NULL, NULL, NULL, NULL, NULL, NULL, NULL, NULL, NULL, NULL, NULL, NULL, NULL, 0, NULL, NULL, '2025-06-07 05:54:16', '2025-06-15 12:32:08', 1, NULL, NULL, NULL, NULL, 0, NULL, 2, '2025-06-15 12:32:08', '2025-05-16 15:31:27', NULL),
(231, 'https://tesselys.com/staging/design/calder/', '35:10937cf3e5851cea29fa3a3843bfc2da', 211, 'term', 'design', NULL, NULL, NULL, NULL, 'Calder', NULL, NULL, 0, NULL, NULL, NULL, NULL, NULL, NULL, 0, NULL, NULL, NULL, NULL, NULL, NULL, NULL, NULL, NULL, NULL, NULL, NULL, NULL, NULL, NULL, NULL, 0, NULL, NULL, '2025-06-07 05:54:16', '2025-06-15 12:32:08', 1, NULL, NULL, NULL, NULL, 0, NULL, 2, '2025-06-15 12:32:08', '2025-05-16 15:31:27', NULL),
(232, 'https://tesselys.com/staging/design/harrys/', '35:b7efb0bc6bcc53dce99b17c050cdb56c', 226, 'term', 'design', NULL, NULL, NULL, NULL, 'Harrys', NULL, NULL, 0, NULL, NULL, NULL, NULL, NULL, NULL, 0, NULL, NULL, NULL, NULL, NULL, NULL, NULL, NULL, NULL, NULL, NULL, NULL, NULL, NULL, NULL, NULL, 0, NULL, NULL, '2025-06-07 05:54:16', '2025-06-15 12:32:08', 1, NULL, NULL, NULL, NULL, 0, NULL, 2, '2025-06-15 12:32:08', '2025-06-02 10:19:49', NULL),
(233, 'https://tesselys.com/staging/inspiration/', '33:221efd13850930b4d4750e369934bc03', 17170, 'post', 'page', 1, 0, NULL, NULL, 'Inspirații', 'publish', NULL, 0, NULL, NULL, NULL, NULL, NULL, 90, 0, NULL, 0, NULL, NULL, NULL, NULL, NULL, NULL, NULL, NULL, NULL, NULL, NULL, NULL, NULL, NULL, 2, NULL, NULL, '2025-06-07 05:59:02', '2025-06-07 17:25:24', 1, NULL, NULL, NULL, NULL, 0, 1, 2, '2025-06-07 17:25:22', '2025-06-07 04:55:31', 0),
(234, 'https://tesselys.com/staging/colectii/luma/luma-orb-solo-calder/', '56:9563e6e6a35773c9606f002d512f1a28', 16424, 'post', 'product', 1, 0, NULL, NULL, 'Luma Solo Orb Calder', 'publish', NULL, 0, NULL, NULL, NULL, NULL, NULL, 0, 0, NULL, 0, NULL, NULL, NULL, NULL, 'https://tesselys.com/staging/wp-content/uploads/2-2.webp', NULL, '16959', 'featured-image', NULL, NULL, 'https://tesselys.com/staging/wp-content/uploads/2-2-800x800.webp', '16959', 'featured-image', '{"width":800,"height":800,"filesize":449646,"path":"./2-2-800x800.webp","url":"https://tesselys.com/staging/wp-content/uploads/2-2-800x800.webp","size":"large","id":16959,"alt":"","pixels":640000,"type":"image/webp"}', 0, 1, NULL, '2025-06-07 06:09:20', '2025-06-12 16:16:36', 1, NULL, NULL, NULL, NULL, 0, NULL, 2, '2025-06-09 18:39:33', '2025-05-16 15:31:27', 0),
(235, 'https://tesselys.com/staging/colectii/luma/luma-solo-orb-harrys/', '56:630273ae3e82bd90a96b9245eb1fc606', 16924, 'post', 'product', 1, 0, NULL, NULL, 'Luma Solo Orb Harrys', 'publish', NULL, 0, NULL, NULL, NULL, NULL, NULL, 90, 0, NULL, 0, NULL, NULL, NULL, NULL, 'https://tesselys.com/staging/wp-content/uploads/4.webp', NULL, '16936', 'featured-image', NULL, NULL, 'https://tesselys.com/staging/wp-content/uploads/4.webp', '16936', 'featured-image', '{"width":1920,"height":1920,"filesize":896626,"url":"https://tesselys.com/staging/wp-content/uploads/4.webp","path":"/home1/piesepla/tesselys.com/staging/wp-content/uploads/4.webp","size":"full","id":16936,"alt":"","pixels":3686400,"type":"image/webp"}', 0, 1, NULL, '2025-06-07 06:09:20', '2025-06-15 15:14:01', 1, NULL, NULL, NULL, NULL, 0, 1, 2, '2025-06-15 11:57:48', '2025-06-02 10:19:49', 0),
(236, 'https://tesselys.com/staging/ro/checkouts/finalizare/', '45:f6ef9aee3ddb7a939d616ac6404162ee', 16830, 'post', 'wfacp_checkout', 1, 0, NULL, NULL, 'Finalizare magazin', 'publish', NULL, 0, NULL, NULL, NULL, NULL, NULL, 0, 0, NULL, 0, NULL, NULL, NULL, NULL, 'https://d3ldyx3r2ad3ic.cloudfront.net/templates/template-assets/images/store-checkout-2/mcafe.png', NULL, NULL, 'first-content-image', NULL, NULL, 'https://d3ldyx3r2ad3ic.cloudfront.net/templates/template-assets/images/store-checkout-2/mcafe.png', NULL, 'first-content-image', NULL, 12, NULL, NULL, '2025-06-07 06:09:20', '2025-06-07 10:09:53', 1, NULL, NULL, NULL, NULL, 0, NULL, 2, '2025-05-29 17:39:43', '2025-04-14 14:55:21', 0),
(237, 'https://tesselys.com/staging/checkouts/store-checkout-ro/', '49:aa218e3af39cfc6ff1a027c7fdfeba8f', 16832, 'post', 'wfacp_checkout', 1, 0, NULL, NULL, 'Store Checkout RO', 'publish', NULL, 0, NULL, NULL, NULL, NULL, NULL, 60, 0, NULL, 0, NULL, NULL, NULL, NULL, 'https://tesselys.com/staging/wp-content/plugins/funnel-builder-pro/modules/checkout/assets/img/down-arrow.svg', NULL, NULL, 'first-content-image', NULL, NULL, 'https://tesselys.com/staging/wp-content/plugins/funnel-builder-pro/modules/checkout/assets/img/down-arrow.svg', NULL, 'first-content-image', NULL, 10, NULL, NULL, '2025-06-07 06:09:20', '2025-06-08 05:05:55', 1, NULL, NULL, NULL, NULL, 0, 8, 2, '2025-06-08 05:05:53', '2025-05-29 17:41:15', 0),
(239, 'https://tesselys.com/staging/order-confirmed/thank-you-en/', '50:2d2ec803a9e29bd97bef10c7bf31b627', 16839, 'post', 'wffn_ty', 1, 0, NULL, NULL, 'Thank you EN', 'publish', NULL, 0, NULL, NULL, NULL, NULL, NULL, 90, 0, NULL, 0, NULL, NULL, NULL, NULL, 'https://tesselys.com/staging/wp-content/plugins/woocommerce/assets/images/placeholder.png', NULL, NULL, 'first-content-image', NULL, NULL, 'https://tesselys.com/staging/wp-content/plugins/woocommerce/assets/images/placeholder.png', NULL, 'first-content-image', NULL, 10, NULL, NULL, '2025-06-07 06:09:20', '2025-06-08 05:08:40', 1, NULL, NULL, NULL, NULL, 0, 2, 2, '2025-06-08 05:08:40', '2025-05-29 17:41:15', 0),
(240, 'https://tesselys.com/staging/en/collections/luma/', '41:afecb31ce272f8ba6ecbf6a7587d9008', 207, 'term', 'product_cat', NULL, NULL, NULL, NULL, 'Luma', NULL, NULL, 0, NULL, NULL, NULL, NULL, NULL, NULL, 0, NULL, NULL, NULL, NULL, NULL, NULL, NULL, NULL, NULL, NULL, NULL, NULL, NULL, NULL, NULL, NULL, 0, NULL, NULL, '2025-06-07 06:09:20', '2025-07-15 09:05:51', 1, NULL, NULL, NULL, NULL, 0, NULL, 2, '2025-06-15 12:28:00', '2025-05-16 20:31:27', NULL),
(241, 'https://tesselys.com/staging/group/multi/', '33:f42efe6520affcaca49b79ea45a9f5e8', 209, 'term', 'groups', NULL, NULL, NULL, NULL, 'Multi', NULL, NULL, 0, NULL, NULL, NULL, NULL, NULL, NULL, 0, NULL, NULL, NULL, NULL, NULL, NULL, NULL, NULL, NULL, NULL, NULL, NULL, NULL, NULL, NULL, NULL, 0, NULL, NULL, '2025-06-07 06:09:20', '2025-06-15 12:32:08', 1, NULL, NULL, NULL, NULL, 0, NULL, 2, '2025-06-15 12:32:08', NULL, NULL),
(242, 'https://tesselys.com/staging/group/linear/', '34:91858b7dc74294eed2985c8d6d960ff4', 210, 'term', 'groups', NULL, NULL, NULL, NULL, 'Linear', NULL, NULL, 0, NULL, NULL, NULL, NULL, NULL, NULL, 0, NULL, NULL, NULL, NULL, NULL, NULL, NULL, NULL, NULL, NULL, NULL, NULL, NULL, NULL, NULL, NULL, 0, NULL, NULL, '2025-06-07 06:09:20', '2025-06-15 11:54:01', 1, NULL, NULL, NULL, NULL, 0, NULL, 2, '2025-06-15 11:54:01', NULL, NULL),
(243, 'https://tesselys.com/staging/color/white/', '33:d1d33e37eab99768d3848a8d87921140', 217, 'term', 'pa_color', NULL, NULL, NULL, NULL, 'White', NULL, NULL, 0, NULL, NULL, NULL, NULL, NULL, NULL, 0, NULL, NULL, NULL, NULL, NULL, NULL, NULL, NULL, NULL, NULL, NULL, NULL, NULL, NULL, NULL, NULL, 0, NULL, NULL, '2025-06-07 06:09:20', '2025-06-15 12:28:00', 1, NULL, NULL, NULL, NULL, 0, NULL, 2, '2025-06-15 12:28:00', '2025-05-16 20:31:27', NULL),
(244, 'https://tesselys.com/staging/color/natural/', '35:70ec8f717bcd0c6eccf6ae387519df43', 218, 'term', 'pa_color', NULL, NULL, NULL, NULL, 'Natural', NULL, NULL, 0, NULL, NULL, NULL, NULL, NULL, NULL, 0, NULL, NULL, NULL, NULL, NULL, NULL, NULL, NULL, NULL, NULL, NULL, NULL, NULL, NULL, NULL, NULL, 0, NULL, NULL, '2025-06-07 06:09:20', '2025-06-15 12:28:00', 1, NULL, NULL, NULL, NULL, 0, NULL, 2, '2025-06-15 12:28:00', '2025-05-16 20:31:27', NULL),
(245, 'https://tesselys.com/staging/color/white/', '33:d1d33e37eab99768d3848a8d87921140', 219, 'term', 'pa_color', NULL, NULL, NULL, NULL, 'White', NULL, NULL, 0, NULL, NULL, NULL, NULL, NULL, NULL, 0, NULL, NULL, NULL, NULL, NULL, NULL, NULL, NULL, NULL, NULL, NULL, NULL, NULL, NULL, NULL, NULL, 0, NULL, NULL, '2025-06-07 06:09:20', '2025-06-15 12:32:08', 1, NULL, NULL, NULL, NULL, 0, NULL, 2, '2025-06-15 12:32:08', '2025-05-16 15:31:27', NULL),
(246, 'https://tesselys.com/staging/color/natural/', '35:70ec8f717bcd0c6eccf6ae387519df43', 220, 'term', 'pa_color', NULL, NULL, NULL, NULL, 'Natural', NULL, NULL, 0, NULL, NULL, NULL, NULL, NULL, NULL, 0, NULL, NULL, NULL, NULL, NULL, NULL, NULL, NULL, NULL, NULL, NULL, NULL, NULL, NULL, NULL, NULL, 0, NULL, NULL, '2025-06-07 06:09:20', '2025-06-15 12:32:08', 1, NULL, NULL, NULL, NULL, 0, NULL, 2, '2025-06-15 12:32:08', '2025-05-16 15:31:27', NULL),
(247, 'https://tesselys.com/staging/ro/group/solo-ro/', '38:e1273dc021014c63025adf0a978b4562', 222, 'term', 'groups', NULL, NULL, NULL, NULL, 'Solo', NULL, NULL, 0, NULL, NULL, NULL, NULL, NULL, NULL, 0, NULL, NULL, NULL, NULL, NULL, NULL, NULL, NULL, NULL, NULL, NULL, NULL, NULL, NULL, NULL, NULL, 0, NULL, NULL, '2025-06-07 06:09:20', '2025-06-15 11:57:48', 1, NULL, NULL, NULL, NULL, 0, NULL, 2, '2025-06-15 11:57:48', '2025-06-02 10:19:49', NULL),
(248, 'https://tesselys.com/staging/element/1/', '31:94e5f41dd5dcf08ca861a96bf796faf2', 227, 'term', 'element', NULL, NULL, NULL, NULL, '1', NULL, NULL, 0, NULL, NULL, NULL, NULL, NULL, NULL, 0, NULL, NULL, NULL, NULL, NULL, NULL, NULL, NULL, NULL, NULL, NULL, NULL, NULL, NULL, NULL, NULL, 0, NULL, NULL, '2025-06-07 06:09:20', '2025-06-15 11:57:48', 1, NULL, NULL, NULL, NULL, 0, NULL, 2, '2025-06-15 11:57:48', '2025-05-16 15:31:27', NULL),
(249, 'https://tesselys.com/staging/colectii/luma/', '35:f01a416b72299183b70cb0aa774cf1b2', 228, 'term', 'product_cat', NULL, NULL, NULL, NULL, 'Luma', NULL, NULL, 0, NULL, NULL, NULL, NULL, NULL, NULL, 0, NULL, NULL, NULL, NULL, NULL, NULL, NULL, NULL, NULL, NULL, NULL, NULL, NULL, NULL, NULL, NULL, 0, NULL, NULL, '2025-06-07 06:09:20', '2025-06-15 12:32:08', 1, NULL, NULL, NULL, NULL, 0, NULL, 2, '2025-06-15 12:32:08', '2025-05-16 15:31:27', NULL),
(250, 'https://tesselys.com/staging/room/living/', '33:55447cac8ebf8ca24f3327fcfa9a4b7b', 229, 'term', 'room', NULL, NULL, NULL, NULL, 'Living', NULL, NULL, 0, NULL, NULL, NULL, NULL, NULL, NULL, 0, NULL, NULL, NULL, NULL, NULL, NULL, NULL, NULL, NULL, NULL, NULL, NULL, NULL, NULL, NULL, NULL, 0, NULL, NULL, '2025-06-07 06:09:20', '2025-06-15 12:08:22', 1, NULL, NULL, NULL, NULL, 0, NULL, 2, '2025-06-15 12:08:22', '2025-06-02 10:19:49', NULL),
(251, 'https://tesselys.com/staging/room/kitchen/', '34:4936d3623cf21a3088465ee09147f126', 230, 'term', 'room', NULL, NULL, NULL, NULL, 'Kitchen', NULL, NULL, 0, NULL, NULL, NULL, NULL, NULL, NULL, 0, NULL, NULL, NULL, NULL, NULL, NULL, NULL, NULL, NULL, NULL, NULL, NULL, NULL, NULL, NULL, NULL, 0, NULL, NULL, '2025-06-07 06:09:20', '2025-06-15 11:47:01', 1, NULL, NULL, NULL, NULL, 0, NULL, 2, '2025-06-15 11:47:01', '2025-05-16 20:31:27', NULL),
(252, 'https://tesselys.com/staging/ro/camere/bucatarie/', '41:17cf0b1cbd32ea12579c481d64536676', 231, 'term', 'room', NULL, NULL, NULL, NULL, 'Bucatarie', NULL, NULL, 0, NULL, NULL, NULL, NULL, NULL, NULL, 0, NULL, NULL, NULL, NULL, NULL, NULL, NULL, NULL, NULL, NULL, NULL, NULL, NULL, NULL, NULL, NULL, 0, NULL, NULL, '2025-06-07 15:04:14', '2025-06-15 10:12:10', 1, NULL, NULL, NULL, NULL, 0, NULL, 2, '2025-06-15 10:12:10', NULL, NULL),
(253, 'https://tesselys.com/staging/room/dining/', '33:8d9f44bd8093c20e93aba1929402e87d', 232, 'term', 'room', NULL, NULL, NULL, NULL, 'Dining', NULL, NULL, 0, NULL, NULL, NULL, NULL, NULL, NULL, 0, NULL, NULL, NULL, NULL, NULL, NULL, NULL, NULL, NULL, NULL, NULL, NULL, NULL, NULL, NULL, NULL, 0, NULL, NULL, '2025-06-07 15:05:47', '2025-06-15 11:54:56', 1, NULL, NULL, NULL, NULL, 0, NULL, 2, '2025-06-15 11:54:55', NULL, NULL),
(254, 'https://tesselys.com/staging/room/hallway/', '34:8022b0aebc160ce7a507128717a76951', 233, 'term', 'room', NULL, NULL, NULL, NULL, 'Hallway', NULL, NULL, 0, NULL, NULL, NULL, NULL, NULL, NULL, 0, NULL, NULL, NULL, NULL, NULL, NULL, NULL, NULL, NULL, NULL, NULL, NULL, NULL, NULL, NULL, NULL, 0, NULL, NULL, '2025-06-07 15:05:52', '2025-06-15 11:47:01', 1, NULL, NULL, NULL, NULL, 0, NULL, 2, '2025-06-15 11:47:01', NULL, NULL),
(255, 'https://tesselys.com/staging/room/bedroom/', '34:6c98d44deefb3cdbad596e396abdcfa1', 234, 'term', 'room', NULL, NULL, NULL, NULL, 'Bedroom', NULL, NULL, 0, NULL, NULL, NULL, NULL, NULL, NULL, 0, NULL, NULL, NULL, NULL, NULL, NULL, NULL, NULL, NULL, NULL, NULL, NULL, NULL, NULL, NULL, NULL, 0, NULL, NULL, '2025-06-07 15:06:00', '2025-06-07 15:06:00', 1, NULL, NULL, NULL, NULL, 0, NULL, 2, '2025-06-07 17:06:00', NULL, NULL),
(256, 'https://tesselys.com/staging/room/bathroom/', '35:63403cdbd5f85b91c7605e57ea31f530', 235, 'term', 'room', NULL, NULL, NULL, NULL, 'Bathroom', NULL, NULL, 0, NULL, NULL, NULL, NULL, NULL, NULL, 0, NULL, NULL, NULL, NULL, NULL, NULL, NULL, NULL, NULL, NULL, NULL, NULL, NULL, NULL, NULL, NULL, 0, NULL, NULL, '2025-06-07 15:06:11', '2025-06-15 12:28:00', 1, NULL, NULL, NULL, NULL, 0, NULL, 2, '2025-06-15 12:28:00', NULL, NULL),
(257, 'https://tesselys.com/staging/ro/camere/baie/', '36:9a9e7bb4cbb90744a73f17f28f135707', 236, 'term', 'room', NULL, NULL, NULL, NULL, 'Baie', NULL, NULL, 0, NULL, NULL, NULL, NULL, NULL, NULL, 0, NULL, NULL, NULL, NULL, NULL, NULL, NULL, NULL, NULL, NULL, NULL, NULL, NULL, NULL, NULL, NULL, 0, NULL, NULL, '2025-06-07 15:06:29', '2025-06-15 12:32:08', 1, NULL, NULL, NULL, NULL, 0, NULL, 2, '2025-06-15 12:32:08', NULL, NULL),
(258, 'https://tesselys.com/staging/ro/camere/dormitor/', '40:c0bcdecd17580556e6cc7a70b375bbba', 237, 'term', 'room', NULL, NULL, NULL, NULL, 'Dormitor', NULL, NULL, 0, NULL, NULL, NULL, NULL, NULL, NULL, 0, NULL, NULL, NULL, NULL, NULL, NULL, NULL, NULL, NULL, NULL, NULL, NULL, NULL, NULL, NULL, NULL, 0, NULL, NULL, '2025-06-07 15:06:37', '2025-06-07 15:06:37', 1, NULL, NULL, NULL, NULL, 0, NULL, 2, '2025-06-07 17:06:37', NULL, NULL),
(259, 'https://tesselys.com/staging/ro/camere/dining-ro/', '41:dd30a7151441f44f812046fb6b095a37', 238, 'term', 'room', NULL, NULL, NULL, NULL, 'Dining', NULL, NULL, 0, NULL, NULL, NULL, NULL, NULL, NULL, 0, NULL, NULL, NULL, NULL, NULL, NULL, NULL, NULL, NULL, NULL, NULL, NULL, NULL, NULL, NULL, NULL, 0, NULL, NULL, '2025-06-07 15:06:51', '2025-06-15 11:57:48', 1, NULL, NULL, NULL, NULL, 0, NULL, 2, '2025-06-15 11:57:48', NULL, NULL),
(260, 'https://tesselys.com/staging/ro/camere/hol/', '35:914bd9677fdf7f99638927073bfce03a', 239, 'term', 'room', NULL, NULL, NULL, NULL, 'Hol', NULL, NULL, 0, NULL, NULL, NULL, NULL, NULL, NULL, 0, NULL, NULL, NULL, NULL, NULL, NULL, NULL, NULL, NULL, NULL, NULL, NULL, NULL, NULL, NULL, NULL, 0, NULL, NULL, '2025-06-07 15:07:00', '2025-06-15 10:12:10', 1, NULL, NULL, NULL, NULL, 0, NULL, 2, '2025-06-15 10:12:10', NULL, NULL),
(262, 'https://tesselys.com/staging/lets-keep-in-touch/', '40:0fe4cd7a17987e4f07bba47874bb483d', 17268, 'post', 'page', 1, 0, NULL, NULL, 'Let&#8217;s Keep In Touch', 'publish', NULL, 0, NULL, NULL, NULL, NULL, NULL, 90, 0, NULL, 0, NULL, NULL, NULL, NULL, NULL, NULL, NULL, NULL, NULL, NULL, NULL, NULL, NULL, NULL, 0, NULL, NULL, '2025-06-08 05:30:30', '2025-06-08 05:31:06', 1, NULL, NULL, NULL, NULL, 0, 1, 2, '2025-06-08 05:31:05', '2025-06-08 05:30:30', 0),
(263, 'https://tesselys.com/staging/ro/pastrare-legatura/', '42:1a8dc08adbba6d16e3f0b8aedb8c9ee8', 17273, 'post', 'page', 1, 0, NULL, NULL, 'Haide să păstrăm legătura', 'publish', NULL, 0, NULL, NULL, NULL, NULL, NULL, 0, 0, NULL, 0, NULL, NULL, NULL, NULL, NULL, NULL, NULL, NULL, NULL, NULL, NULL, NULL, NULL, NULL, 0, NULL, NULL, '2025-06-08 05:33:26', '2025-06-08 05:33:27', 1, NULL, NULL, NULL, NULL, 0, NULL, 2, '2025-06-08 05:33:27', '2025-06-08 05:30:30', 0),
(264, 'https://tesselys.com/staging/en/collections/luma/luma-linear-orb-random-3/', '66:8536909dc87938aa05b719343b2dfe99', 17296, 'post', 'product', 1, 0, NULL, NULL, 'Luma Linear Orb Random 3', 'publish', NULL, 0, NULL, NULL, NULL, NULL, NULL, 90, 0, NULL, 0, NULL, NULL, NULL, NULL, 'https://tesselys.com/staging/wp-content/uploads/1-3.webp', NULL, '17629', 'featured-image', NULL, NULL, 'https://tesselys.com/staging/wp-content/uploads/1-3.webp', '17629', 'featured-image', '{"width":1920,"height":1920,"filesize":592932,"url":"https://tesselys.com/staging/wp-content/uploads/1-3.webp","path":"/home1/piesepla/tesselys.com/staging/wp-content/uploads/1-3.webp","size":"full","id":17629,"alt":"","pixels":3686400,"type":"image/webp"}', 0, 0, NULL, '2025-06-11 05:30:25', '2025-06-15 11:53:59', 1, NULL, NULL, NULL, NULL, 0, 1, 2, '2025-06-15 11:53:59', '2025-06-11 05:30:25', 0),
(266, 'https://tesselys.com/staging/design/random-3/', '37:3aab7e8d8766654c932a43cec64ea714', 243, 'term', 'design', NULL, NULL, NULL, NULL, 'Random 3', NULL, NULL, 0, NULL, NULL, NULL, NULL, NULL, NULL, 0, NULL, NULL, NULL, NULL, NULL, NULL, NULL, NULL, NULL, NULL, NULL, NULL, NULL, NULL, NULL, NULL, 0, NULL, NULL, '2025-06-11 05:42:51', '2025-06-15 12:32:08', 1, NULL, NULL, NULL, NULL, 0, NULL, 2, '2025-06-15 12:32:08', NULL, NULL),
(267, 'https://tesselys.com/staging/elemente/3-2/', '34:bde23f9965c8c7af7d2b9dc3eb166138', 248, 'term', 'element', NULL, NULL, NULL, NULL, '3', NULL, NULL, 0, NULL, NULL, NULL, NULL, NULL, NULL, 0, NULL, NULL, NULL, NULL, NULL, NULL, NULL, NULL, NULL, NULL, NULL, NULL, NULL, NULL, NULL, NULL, 0, NULL, NULL, '2025-06-11 06:54:21', '2025-06-15 12:32:08', 1, NULL, NULL, NULL, NULL, 0, NULL, 2, '2025-06-15 12:32:08', NULL, NULL),
(268, 'https://tesselys.com/staging/en/collections/luma/luma-linear-orb-random-3/', '66:8536909dc87938aa05b719343b2dfe99', 17340, 'post', 'product', 1, 0, NULL, NULL, 'Luma Linear Orb Random 3', 'publish', NULL, 0, NULL, NULL, NULL, NULL, NULL, 60, 0, NULL, 0, NULL, NULL, NULL, NULL, 'https://tesselys.com/staging/wp-content/uploads/1-3.webp', NULL, '17630', 'featured-image', NULL, NULL, 'https://tesselys.com/staging/wp-content/uploads/1-3.webp', '17630', 'featured-image', '{"width":1920,"height":1920,"filesize":592932,"url":"https://tesselys.com/staging/wp-content/uploads/1-3.webp","path":"/home1/piesepla/tesselys.com/staging/wp-content/uploads/1-3.webp","size":"full","id":17630,"alt":"","pixels":3686400,"type":"image/webp"}', 0, 0, NULL, '2025-06-11 08:23:03', '2025-06-15 15:14:01', 1, NULL, NULL, NULL, NULL, 0, 1, 2, '2025-06-15 11:54:01', '2025-06-11 05:30:25', 0),
(269, 'https://tesselys.com/staging/type/orb-2/', '32:aa208de2aac215a36d35453d6426a9f0', 255, 'term', 'type', NULL, NULL, NULL, NULL, 'Orb', NULL, NULL, 0, NULL, NULL, NULL, NULL, NULL, NULL, 0, NULL, NULL, NULL, NULL, NULL, NULL, NULL, NULL, NULL, NULL, NULL, NULL, NULL, NULL, NULL, NULL, 0, NULL, NULL, '2025-06-12 02:24:45', '2025-06-15 12:32:08', 1, NULL, NULL, NULL, NULL, 0, NULL, 2, '2025-06-15 12:32:08', NULL, NULL),
(272, 'https://tesselys.com/staging/first-shade/calder-2/', '42:c07f3bbfbb0dc6f0e0dacde829328b4c', 256, 'term', 'pa_first-shade', NULL, NULL, NULL, NULL, 'Calder', NULL, NULL, 0, NULL, NULL, NULL, NULL, NULL, NULL, 0, NULL, NULL, NULL, NULL, NULL, NULL, NULL, NULL, NULL, NULL, NULL, NULL, NULL, NULL, NULL, NULL, 0, NULL, NULL, '2025-06-15 05:43:08', '2025-06-16 20:25:23', 1, NULL, NULL, NULL, NULL, 0, NULL, 2, '2025-06-15 12:32:08', '2025-06-11 05:30:25', NULL),
(273, 'https://tesselys.com/staging/first-shade/harrys-2/', '42:e87e67548eecdf05558843503fe78ac0', 249, 'term', 'pa_first-shade', NULL, NULL, NULL, NULL, 'Harrys', NULL, NULL, 0, NULL, NULL, NULL, NULL, NULL, 60, 0, NULL, NULL, NULL, NULL, NULL, NULL, NULL, NULL, NULL, NULL, NULL, NULL, NULL, NULL, NULL, NULL, 0, NULL, 2, '2025-06-15 05:43:14', '2025-06-16 20:25:23', 1, NULL, NULL, NULL, NULL, 0, NULL, 2, '2025-06-15 12:32:08', '2025-06-11 05:30:25', NULL),
(274, 'https://tesselys.com/staging/en/collections/luma/luma-multi-orb-random-3/', '65:6c9d69b5bd4e6ce36d71d102d5e0ee87', 17657, 'post', 'product', 1, 0, NULL, NULL, 'Luma Multi Orb Random 3', 'publish', NULL, 0, NULL, NULL, NULL, NULL, NULL, 90, 0, NULL, 0, NULL, NULL, NULL, NULL, 'https://tesselys.com/staging/wp-content/uploads/3-3.webp', NULL, '17669', 'featured-image', NULL, NULL, 'https://tesselys.com/staging/wp-content/uploads/3-3.webp', '17669', 'featured-image', '{"width":1920,"height":1920,"filesize":1379126,"url":"https://tesselys.com/staging/wp-content/uploads/3-3.webp","path":"/home1/piesepla/tesselys.com/staging/wp-content/uploads/3-3.webp","size":"full","id":17669,"alt":"","pixels":3686400,"type":"image/webp"}', 0, NULL, 2, '2025-06-15 06:13:31', '2025-06-15 11:54:48', 1, NULL, NULL, NULL, NULL, 0, 0, 2, '2025-06-15 11:54:47', '2025-06-15 06:13:31', 0),
(275, 'https://tesselys.com/staging/colectii/luma/luma-linear-orb-random-3-copy/', '65:e9ab2d9aca0add3e4f63792a2a43d481', 17659, 'post', 'product', 1, 0, NULL, NULL, 'Luma Multi Orb Random 3', 'publish', NULL, 0, NULL, NULL, NULL, NULL, NULL, 60, 0, NULL, 0, NULL, NULL, NULL, NULL, 'https://tesselys.com/staging/wp-content/uploads/3-3.webp', NULL, '17670', 'featured-image', NULL, NULL, 'https://tesselys.com/staging/wp-content/uploads/3-3.webp', '17670', 'featured-image', '{"width":1920,"height":1920,"filesize":1379126,"url":"https://tesselys.com/staging/wp-content/uploads/3-3.webp","path":"/home1/piesepla/tesselys.com/staging/wp-content/uploads/3-3.webp","size":"full","id":17670,"alt":"","pixels":3686400,"type":"image/webp"}', 0, 0, NULL, '2025-06-15 06:13:32', '2025-06-15 15:14:01', 1, NULL, NULL, NULL, NULL, 0, 1, 2, '2025-06-15 11:54:48', '2025-06-15 06:13:31', 0),
(276, 'https://tesselys.com/staging/en/collections/luma/luma-multi-orb-random-5/', '65:1f414b78b6fdf05840a7708c916bc272', 17681, 'post', 'product', 1, 0, NULL, NULL, 'Luma Multi Orb Random 5', 'publish', NULL, 0, NULL, NULL, NULL, NULL, NULL, 60, 0, NULL, 0, NULL, NULL, NULL, NULL, 'https://tesselys.com/staging/wp-content/uploads/1-5.webp', NULL, '17685', 'featured-image', NULL, NULL, 'https://tesselys.com/staging/wp-content/uploads/1-5.webp', '17685', 'featured-image', '{"width":1920,"height":1920,"filesize":1484524,"url":"https://tesselys.com/staging/wp-content/uploads/1-5.webp","path":"/home1/piesepla/tesselys.com/staging/wp-content/uploads/1-5.webp","size":"full","id":17685,"alt":"","pixels":3686400,"type":"image/webp"}', 0, NULL, NULL, '2025-06-15 11:31:57', '2025-06-15 12:08:21', 1, NULL, NULL, NULL, NULL, 0, 1, 2, '2025-06-15 12:08:21', '2025-06-15 11:31:57', 0),
(277, 'https://tesselys.com/staging/colectii/luma/luma-multi-orb-random-3-copy/', '64:0ca1c93e8af457103d707c22461564ff', 17683, 'post', 'product', 1, 0, NULL, NULL, 'Luma Multi Orb Random 5', 'publish', NULL, 0, NULL, NULL, NULL, NULL, NULL, 60, 0, NULL, 0, NULL, NULL, NULL, NULL, 'https://tesselys.com/staging/wp-content/uploads/1-5.webp', NULL, '17686', 'featured-image', NULL, NULL, 'https://tesselys.com/staging/wp-content/uploads/1-5.webp', '17686', 'featured-image', '{"width":1920,"height":1920,"filesize":1484524,"url":"https://tesselys.com/staging/wp-content/uploads/1-5.webp","path":"/home1/piesepla/tesselys.com/staging/wp-content/uploads/1-5.webp","size":"full","id":17686,"alt":"","pixels":3686400,"type":"image/webp"}', 0, 0, NULL, '2025-06-15 11:31:57', '2025-06-15 15:14:01', 1, NULL, NULL, NULL, NULL, 0, 1, 2, '2025-06-15 12:08:22', '2025-06-15 11:31:57', 0),
(278, 'https://tesselys.com/staging/design/random-5/', '37:ed295acfb974e8f0e1a0c9a42fcbd542', 265, 'term', 'design', NULL, NULL, NULL, NULL, 'Random 5', NULL, NULL, 0, NULL, NULL, NULL, NULL, NULL, NULL, 0, NULL, NULL, NULL, NULL, NULL, NULL, NULL, NULL, NULL, NULL, NULL, NULL, NULL, NULL, NULL, NULL, 0, NULL, NULL, '2025-06-15 11:45:53', '2025-06-15 12:08:22', 1, NULL, NULL, NULL, NULL, 0, NULL, 2, '2025-06-15 13:45:53', NULL, NULL),
(279, 'https://tesselys.com/staging/first-shade/calder-2/', '42:c07f3bbfbb0dc6f0e0dacde829328b4c', 242, 'term', 'pa_first-shade', NULL, NULL, NULL, NULL, 'Calder', NULL, NULL, 0, NULL, NULL, NULL, NULL, NULL, NULL, 0, NULL, NULL, NULL, NULL, NULL, NULL, NULL, NULL, NULL, NULL, NULL, NULL, NULL, NULL, NULL, NULL, 0, NULL, NULL, '2025-06-15 11:47:52', '2025-06-16 20:25:23', 1, NULL, NULL, NULL, NULL, 0, NULL, 2, '2025-06-15 12:28:00', '2025-06-11 05:30:25', NULL),
(280, 'https://tesselys.com/staging/first-shade/harrys-2/', '42:e87e67548eecdf05558843503fe78ac0', 241, 'term', 'pa_first-shade', NULL, NULL, NULL, NULL, 'Harrys', NULL, NULL, 0, NULL, NULL, NULL, NULL, NULL, 60, 0, NULL, NULL, NULL, NULL, NULL, NULL, NULL, NULL, NULL, NULL, NULL, NULL, NULL, NULL, NULL, NULL, 0, NULL, NULL, '2025-06-15 11:47:52', '2025-06-16 20:25:23', 1, NULL, NULL, NULL, NULL, 0, NULL, 2, '2025-06-15 12:28:00', '2025-06-11 05:30:25', NULL),
(281, 'https://tesselys.com/staging/element/5-2/', '33:99b53ea04d6755ed23e06242ac35b65c', 266, 'term', 'element', NULL, NULL, NULL, NULL, '5', NULL, NULL, 0, NULL, NULL, NULL, NULL, NULL, NULL, 0, NULL, NULL, NULL, NULL, NULL, NULL, NULL, NULL, NULL, NULL, NULL, NULL, NULL, NULL, NULL, NULL, 0, NULL, NULL, '2025-06-15 11:57:29', '2025-06-15 12:08:22', 1, NULL, NULL, NULL, NULL, 0, NULL, 2, '2025-06-15 13:57:29', NULL, NULL),
(282, 'https://tesselys.com/staging/en/collections/luma/luma-multi-orb-random-3-a/', '67:15862a46f1e9e9c199b7e88541cd53d7', 17703, 'post', 'product', 1, 0, NULL, NULL, 'Luma Multi Orb Random 3', 'publish', NULL, 0, NULL, NULL, NULL, NULL, NULL, 90, 0, NULL, 0, NULL, NULL, NULL, NULL, 'https://tesselys.com/staging/wp-content/uploads/3-5.webp', NULL, '17708', 'featured-image', NULL, NULL, 'https://tesselys.com/staging/wp-content/uploads/3-5.webp', '17708', 'featured-image', '{"width":1920,"height":1920,"filesize":1148334,"url":"https://tesselys.com/staging/wp-content/uploads/3-5.webp","path":"/home1/piesepla/tesselys.com/staging/wp-content/uploads/3-5.webp","size":"full","id":17708,"alt":"","pixels":3686400,"type":"image/webp"}', 0, NULL, NULL, '2025-06-15 12:20:26', '2025-06-15 12:28:00', 1, NULL, NULL, NULL, NULL, 0, 1, 2, '2025-06-15 12:28:00', '2025-06-15 12:20:26', 0),
(283, 'https://tesselys.com/staging/colectii/luma/luma-multi-orb-random-3-a/', '61:fc857c1bb74bbbe3ca65905a0bf3b80c', 17705, 'post', 'product', 1, 0, NULL, NULL, 'Luma Multi Orb Random 3', 'publish', NULL, 0, NULL, NULL, NULL, NULL, NULL, 60, 0, NULL, 0, NULL, NULL, NULL, NULL, 'https://tesselys.com/staging/wp-content/uploads/3-5.webp', NULL, '17709', 'featured-image', NULL, NULL, 'https://tesselys.com/staging/wp-content/uploads/3-5.webp', '17709', 'featured-image', '{"width":1920,"height":1920,"filesize":1148334,"url":"https://tesselys.com/staging/wp-content/uploads/3-5.webp","path":"/home1/piesepla/tesselys.com/staging/wp-content/uploads/3-5.webp","size":"full","id":17709,"alt":"","pixels":3686400,"type":"image/webp"}', 0, NULL, NULL, '2025-06-15 12:20:27', '2025-06-15 12:32:08', 1, NULL, NULL, NULL, NULL, 0, 1, 2, '2025-06-15 12:32:08', '2025-06-15 12:20:26', 0),
(285, 'https://tesselys.com/staging/comanda-confirmata/va-multumim/', '52:bc1990d33806f20a3fc923018b03303c', 17719, 'post', 'wffn_ty', 1, 0, NULL, NULL, 'Vă mulțumim!', 'publish', NULL, 0, NULL, NULL, NULL, NULL, NULL, 90, 0, NULL, 0, NULL, NULL, NULL, NULL, 'https://tesselys.com/staging/wp-content/plugins/woocommerce/assets/images/placeholder.png', NULL, NULL, 'first-content-image', NULL, NULL, 'https://tesselys.com/staging/wp-content/plugins/woocommerce/assets/images/placeholder.png', NULL, 'first-content-image', NULL, 12, NULL, NULL, '2025-06-17 16:16:01', '2025-06-17 19:18:11', 1, NULL, NULL, NULL, NULL, 0, 2, 2, '2025-06-17 16:17:42', '2025-06-17 16:16:01', 0);

-- --------------------------------------------------------

--
-- Table structure for table `BvlzX_yoast_indexable_hierarchy`
--

CREATE TABLE `BvlzX_yoast_indexable_hierarchy` (
  `indexable_id` int unsigned NOT NULL,
  `ancestor_id` int unsigned NOT NULL,
  `depth` int unsigned DEFAULT NULL,
  `blog_id` bigint NOT NULL DEFAULT '1',
  PRIMARY KEY (`indexable_id`,`ancestor_id`),
  KEY `indexable_id` (`indexable_id`),
  KEY `ancestor_id` (`ancestor_id`),
  KEY `depth` (`depth`)
) ENGINE=InnoDB DEFAULT CHARSET=utf8mb4 COLLATE=utf8mb4_unicode_520_ci;

--
-- Dumping data for table `BvlzX_yoast_indexable_hierarchy`
--

INSERT INTO `BvlzX_yoast_indexable_hierarchy` VALUES
(2, 0, 0, 1),
(3, 0, 0, 1),
(5, 0, 0, 1),
(6, 0, 0, 1),
(51, 0, 0, 1),
(52, 0, 0, 1),
(93, 0, 0, 1),
(121, 0, 0, 1),
(122, 0, 0, 1),
(123, 0, 0, 1),
(145, 0, 0, 1),
(147, 0, 0, 1),
(149, 0, 0, 1),
(178, 0, 0, 1),
(179, 0, 0, 1),
(180, 0, 0, 1),
(181, 0, 0, 1),
(182, 0, 0, 1),
(183, 0, 0, 1),
(185, 0, 0, 1),
(186, 0, 0, 1),
(187, 0, 0, 1),
(195, 0, 0, 1),
(196, 0, 0, 1),
(197, 0, 0, 1),
(198, 0, 0, 1),
(199, 0, 0, 1),
(200, 0, 0, 1),
(201, 0, 0, 1),
(202, 0, 0, 1),
(203, 0, 0, 1),
(204, 0, 0, 1),
(205, 0, 0, 1),
(206, 0, 0, 1),
(207, 0, 0, 1),
(208, 0, 0, 1),
(209, 0, 0, 1),
(210, 0, 0, 1),
(211, 0, 0, 1),
(212, 0, 0, 1),
(213, 0, 0, 1),
(214, 0, 0, 1),
(215, 0, 0, 1),
(216, 0, 0, 1),
(217, 0, 0, 1),
(218, 0, 0, 1),
(219, 0, 0, 1),
(220, 0, 0, 1),
(221, 0, 0, 1),
(222, 0, 0, 1),
(223, 0, 0, 1),
(224, 0, 0, 1),
(225, 0, 0, 1),
(226, 0, 0, 1),
(227, 0, 0, 1),
(228, 0, 0, 1),
(229, 0, 0, 1),
(230, 0, 0, 1),
(231, 0, 0, 1),
(232, 0, 0, 1),
(233, 0, 0, 1),
(234, 0, 0, 1),
(235, 0, 0, 1),
(236, 0, 0, 1),
(237, 0, 0, 1),
(239, 0, 0, 1),
(240, 0, 0, 1),
(241, 0, 0, 1),
(242, 0, 0, 1),
(243, 0, 0, 1),
(244, 0, 0, 1),
(245, 0, 0, 1),
(246, 0, 0, 1),
(247, 0, 0, 1),
(248, 0, 0, 1),
(249, 0, 0, 1),
(250, 0, 0, 1),
(251, 0, 0, 1),
(252, 0, 0, 1),
(253, 0, 0, 1),
(254, 0, 0, 1),
(255, 0, 0, 1),
(256, 0, 0, 1),
(257, 0, 0, 1),
(258, 0, 0, 1),
(259, 0, 0, 1),
(260, 0, 0, 1),
(261, 0, 0, 1),
(262, 0, 0, 1),
(263, 0, 0, 1),
(264, 0, 0, 1),
(266, 0, 0, 1),
(267, 0, 0, 1),
(268, 0, 0, 1),
(269, 0, 0, 1),
(272, 0, 0, 1),
(273, 0, 0, 1),
(274, 0, 0, 1),
(275, 0, 0, 1),
(276, 0, 0, 1),
(277, 0, 0, 1),
(278, 0, 0, 1),
(279, 0, 0, 1),
(280, 0, 0, 1),
(281, 0, 0, 1),
(282, 0, 0, 1),
(283, 0, 0, 1),
(285, 0, 0, 1);

-- --------------------------------------------------------

--
-- Table structure for table `BvlzX_yoast_migrations`
--

CREATE TABLE `BvlzX_yoast_migrations` (
  `id` int unsigned NOT NULL AUTO_INCREMENT,
  `version` varchar(191) CHARACTER SET utf8mb4 COLLATE utf8mb4_unicode_520_ci DEFAULT NULL,
  PRIMARY KEY (`id`),
  UNIQUE KEY `BvlzX_yoast_migrations_version` (`version`)
) ENGINE=InnoDB  DEFAULT CHARSET=utf8mb4 COLLATE=utf8mb4_unicode_520_ci;

--
-- Dumping data for table `BvlzX_yoast_migrations`
--

INSERT INTO `BvlzX_yoast_migrations` VALUES
(1, '20171228151840'),
(2, '20171228151841'),
(3, '20190529075038'),
(25, '20190715101200'),
(4, '20191011111109'),
(5, '20200408101900'),
(6, '20200420073606'),
(7, '20200428123747'),
(8, '20200428194858'),
(9, '20200429105310'),
(10, '20200430075614'),
(11, '20200430150130'),
(12, '20200507054848'),
(13, '20200513133401'),
(14, '20200609154515'),
(15, '20200616130143'),
(16, '20200617122511'),
(17, '20200702141921'),
(18, '20200728095334'),
(19, '20201202144329'),
(20, '20201216124002'),
(21, '20201216141134'),
(22, '20210817092415'),
(26, '20210827093024'),
(23, '20211020091404'),
(24, '20230417083836');

-- --------------------------------------------------------

--
-- Table structure for table `BvlzX_yoast_primary_term`
--

CREATE TABLE `BvlzX_yoast_primary_term` (
  `id` int unsigned NOT NULL AUTO_INCREMENT,
  `post_id` bigint DEFAULT NULL,
  `term_id` bigint DEFAULT NULL,
  `taxonomy` varchar(32) CHARACTER SET utf8mb4 COLLATE utf8mb4_unicode_520_ci NOT NULL,
  `created_at` datetime DEFAULT NULL,
  `updated_at` timestamp NOT NULL DEFAULT CURRENT_TIMESTAMP ON UPDATE CURRENT_TIMESTAMP,
  `blog_id` bigint NOT NULL DEFAULT '1',
  PRIMARY KEY (`id`),
  KEY `post_taxonomy` (`post_id`,`taxonomy`),
  KEY `post_term` (`post_id`,`term_id`)
) ENGINE=InnoDB  DEFAULT CHARSET=utf8mb4 COLLATE=utf8mb4_unicode_520_ci;

--
-- Dumping data for table `BvlzX_yoast_primary_term`
--

INSERT INTO `BvlzX_yoast_primary_term` VALUES
(1, 12612, 28, 'product_cat', '2025-05-16 19:21:28', '2025-05-16 19:21:28', 1),
(2, 16099, 28, 'product_cat', '2025-05-16 20:29:07', '2025-05-16 20:29:55', 1),
(7, 16919, 240, 'type', '2025-06-08 04:02:48', '2025-06-15 11:54:55', 1),
(8, 16924, 240, 'type', '2025-06-08 04:02:50', '2025-06-15 11:57:48', 1),
(11, 17296, 191, 'room', '2025-06-11 05:42:02', '2025-06-15 11:53:59', 1),
(12, 17296, 195, 'element', '2025-06-11 05:42:02', '2025-06-15 11:53:59', 1),
(13, 17296, 210, 'groups', '2025-06-11 05:42:02', '2025-06-15 11:53:59', 1),
(14, 17296, 243, 'design', '2025-06-11 05:42:02', '2025-06-15 11:53:59', 1),
(16, 17340, 243, 'design', '2025-06-11 08:24:08', '2025-06-15 11:54:01', 1),
(23, 17657, 191, 'room', '2025-06-15 06:13:33', '2025-06-15 11:54:47', 1),
(24, 17657, 195, 'element', '2025-06-15 06:13:33', '2025-06-15 11:54:47', 1),
(25, 17657, 209, 'groups', '2025-06-15 06:13:33', '2025-06-15 11:54:47', 1),
(26, 17657, 243, 'design', '2025-06-15 06:13:33', '2025-06-15 11:54:47', 1),
(27, 17659, 243, 'design', '2025-06-15 06:13:33', '2025-06-15 11:54:48', 1),
(28, 17659, 191, 'room', '2025-06-15 06:17:15', '2025-06-15 11:54:48', 1),
(29, 17659, 195, 'element', '2025-06-15 06:17:15', '2025-06-15 11:54:48', 1),
(30, 17659, 209, 'groups', '2025-06-15 06:17:15', '2025-06-15 11:54:48', 1),
(31, 17659, 255, 'type', '2025-06-15 06:17:15', '2025-06-15 11:54:48', 1),
(32, 17657, 255, 'type', '2025-06-15 06:17:16', '2025-06-15 11:54:47', 1),
(43, 17681, 191, 'room', '2025-06-15 11:46:07', '2025-06-15 12:08:21', 1),
(44, 17681, 197, 'element', '2025-06-15 11:46:07', '2025-06-15 12:08:21', 1),
(45, 17681, 209, 'groups', '2025-06-15 11:46:07', '2025-06-15 12:08:21', 1),
(46, 17681, 265, 'design', '2025-06-15 11:46:07', '2025-06-15 12:08:21', 1),
(47, 17681, 255, 'type', '2025-06-15 11:46:07', '2025-06-15 12:08:21', 1),
(48, 17683, 191, 'room', '2025-06-15 12:03:17', '2025-06-15 12:08:22', 1),
(49, 17683, 197, 'element', '2025-06-15 12:03:17', '2025-06-15 12:08:22', 1),
(50, 17683, 209, 'groups', '2025-06-15 12:03:17', '2025-06-15 12:08:22', 1),
(51, 17683, 265, 'design', '2025-06-15 12:03:17', '2025-06-15 12:08:22', 1),
(52, 17683, 255, 'type', '2025-06-15 12:03:17', '2025-06-15 12:08:22', 1),
(63, 17703, 235, 'room', '2025-06-15 12:28:00', '2025-06-15 12:28:00', 1),
(64, 17703, 195, 'element', '2025-06-15 12:28:00', '2025-06-15 12:28:00', 1),
(65, 17703, 209, 'groups', '2025-06-15 12:28:00', '2025-06-15 12:28:00', 1),
(66, 17703, 243, 'design', '2025-06-15 12:28:00', '2025-06-15 12:28:00', 1),
(67, 17703, 255, 'type', '2025-06-15 12:28:00', '2025-06-15 12:28:00', 1),
(70, 17705, 209, 'groups', '2025-06-15 12:28:01', '2025-06-15 12:32:08', 1),
(71, 17705, 243, 'design', '2025-06-15 12:28:01', '2025-06-15 12:32:08', 1),
(72, 17705, 255, 'type', '2025-06-15 12:28:01', '2025-06-15 12:32:08', 1);

-- --------------------------------------------------------

--
-- Table structure for table `BvlzX_yoast_prominent_words`
--

CREATE TABLE `BvlzX_yoast_prominent_words` (
  `id` int unsigned NOT NULL AUTO_INCREMENT,
  `stem` varchar(191) DEFAULT NULL,
  `indexable_id` int unsigned DEFAULT NULL,
  `weight` float DEFAULT NULL,
  PRIMARY KEY (`id`),
  KEY `stem` (`stem`),
  KEY `indexable_id` (`indexable_id`),
  KEY `indexable_id_and_stem` (`indexable_id`,`stem`)
) ENGINE=InnoDB DEFAULT CHARSET=utf8mb3;

-- --------------------------------------------------------

--
-- Table structure for table `BvlzX_yoast_seo_links`
--

CREATE TABLE `BvlzX_yoast_seo_links` (
  `id` bigint unsigned NOT NULL AUTO_INCREMENT,
  `url` varchar(255) DEFAULT NULL,
  `post_id` bigint unsigned DEFAULT NULL,
  `target_post_id` bigint unsigned DEFAULT NULL,
  `type` varchar(8) DEFAULT NULL,
  `indexable_id` int unsigned DEFAULT NULL,
  `target_indexable_id` int unsigned DEFAULT NULL,
  `height` int unsigned DEFAULT NULL,
  `width` int unsigned DEFAULT NULL,
  `size` int unsigned DEFAULT NULL,
  `language` varchar(32) DEFAULT NULL,
  `region` varchar(32) DEFAULT NULL,
  PRIMARY KEY (`id`),
  KEY `link_direction` (`post_id`,`type`),
  KEY `indexable_link_direction` (`indexable_id`,`type`)
) ENGINE=InnoDB  DEFAULT CHARSET=utf8mb3;

--
-- Dumping data for table `BvlzX_yoast_seo_links`
--

INSERT INTO `BvlzX_yoast_seo_links` VALUES
(216, 'https://tesselys.com/staging/wp-content/uploads/PL_B_3D_CURTAINS_PODIUM_MONO_LAMBERT_MAIN-430x430.webp', 13972, NULL, 'image-in', 147, NULL, NULL, NULL, NULL, NULL, NULL),
(217, 'https://tesselys.com/staging/wp-content/uploads/sphera-mono-lambert-200-N-B-430x430.webp', 13972, NULL, 'image-in', 147, NULL, NULL, NULL, NULL, NULL, NULL),
(274, 'https://tesselys.com/staging/checkout/', 13972, 14467, 'internal', 147, 149, NULL, NULL, NULL, NULL, NULL),
(275, 'https://eur-lex.europa.eu/legal-content/RO/TXT/?uri=celex%3A32002L0058', 12773, NULL, 'external', 145, NULL, NULL, NULL, NULL, NULL, NULL),
(276, 'https://eur-lex.europa.eu/legal-content/RO/TXT/?uri=CELEX%3A32016R0679', 12773, NULL, 'external', 145, NULL, NULL, NULL, NULL, NULL, NULL),
(277, 'https://ro.wikipedia.org/wiki/Cookie', 12773, NULL, 'external', 145, NULL, NULL, NULL, NULL, NULL, NULL),
(278, 'http://www.microsoft.com/info/cookies.mspx', 12773, NULL, 'external', 145, NULL, NULL, NULL, NULL, NULL, NULL),
(279, 'https://www.allaboutcookies.org/', 12773, NULL, 'external', 145, NULL, NULL, NULL, NULL, NULL, NULL),
(280, 'http://www.youronlinechoices.com/ro/', 12773, NULL, 'external', 145, NULL, NULL, NULL, NULL, NULL, NULL),
(281, 'http://www.dreptonline.ro/legislatie/', 12773, NULL, 'external', 145, NULL, NULL, NULL, NULL, NULL, NULL),
(282, 'https://www.youronlinechoices.eu/ro', 12773, NULL, 'external', 145, NULL, NULL, NULL, NULL, NULL, NULL),
(288, 'https://cdn.shopify.com/s/files/1/2492/1632/files/Sphera_Groessen_18454257-9f5c-4772-8988-8f8ad693f341_480x480.png?v=1730909965', 15745, NULL, 'image-ex', 185, NULL, NULL, NULL, NULL, NULL, NULL),
(289, 'https://cdn.shopify.com/s/files/1/2492/1632/files/sample_box_480x480.png?v=1730910391', 15745, NULL, 'image-ex', 185, NULL, NULL, NULL, NULL, NULL, NULL),
(290, 'https://cdn.shopify.com/s/files/1/2492/1632/files/PL_Specifications2.0_480x480.png?v=1730909113', 15745, NULL, 'image-ex', 185, NULL, NULL, NULL, NULL, NULL, NULL),
(291, 'https://cdn.shopify.com/s/files/1/2492/1632/files/led_only_480x480.png?v=1730910437', 15745, NULL, 'image-ex', 185, NULL, NULL, NULL, NULL, NULL, NULL),
(292, 'https://cdn.shopify.com/s/files/1/2492/1632/files/baldachine_offen_vs_geschlossen_480x480.jpg?v=1731511896', 15745, NULL, 'image-ex', 185, NULL, NULL, NULL, NULL, NULL, NULL),
(293, 'https://cdn.shopify.com/s/files/1/2492/1632/files/dachschraege_480x480.png?v=1730910691', 15745, NULL, 'image-ex', 185, NULL, NULL, NULL, NULL, NULL, NULL),
(294, '/samples', 15745, 15747, 'internal', 185, 186, NULL, NULL, NULL, NULL, NULL),
(295, '/installation', 15745, 15818, 'internal', 185, 187, NULL, NULL, NULL, NULL, NULL),
(296, '/cancellation-policy', 15745, 10, 'internal', 185, 52, NULL, NULL, NULL, NULL, NULL),
(297, '/collections/solo/solo-1/shade-only/', 15745, NULL, 'internal', 185, NULL, NULL, NULL, NULL, NULL, NULL),
(298, 'https://tesselys.com/staging/my-account/orders/', 9, 9, 'internal', 51, 51, NULL, NULL, NULL, NULL, NULL),
(299, 'https://tesselys.com/staging/my-account/downloads/', 9, 9, 'internal', 51, 51, NULL, NULL, NULL, NULL, NULL),
(300, 'https://tesselys.com/staging/my-account/edit-address/', 9, 9, 'internal', 51, 51, NULL, NULL, NULL, NULL, NULL),
(301, 'https://tesselys.com/staging/my-account/edit-account/', 9, 9, 'internal', 51, 51, NULL, NULL, NULL, NULL, NULL),
(302, 'https://tesselys.com/staging/my-account/oblio-invoices/', 9, 9, 'internal', 51, 51, NULL, NULL, NULL, NULL, NULL),
(303, 'https://tesselys.com/staging/my-account/customer-logout/?_wpnonce=0da39957fb', 9, 9, 'internal', 51, 51, NULL, NULL, NULL, NULL, NULL),
(304, 'https://tesselys.com/staging/wp-login.php?action=logout&#038;redirect_to=https%3A%2F%2Ftesselys.com%2Fstaging%2Fmy-account%2F&#038;_wpnonce=73ea72c113', 9, NULL, 'internal', 51, NULL, NULL, NULL, NULL, NULL, NULL),
(305, 'https://tesselys.com/staging/my-account/orders/', 9, 9, 'internal', 51, 51, NULL, NULL, NULL, NULL, NULL),
(306, 'https://tesselys.com/staging/my-account/edit-address/', 9, 9, 'internal', 51, 51, NULL, NULL, NULL, NULL, NULL),
(307, 'https://tesselys.com/staging/my-account/edit-account/', 9, 9, 'internal', 51, 51, NULL, NULL, NULL, NULL, NULL),
(308, '/contact', 15715, 15708, 'internal', 181, 178, NULL, NULL, NULL, NULL, NULL),
(316, '/cancellation-policy', 15711, 10, 'internal', 179, 52, NULL, NULL, NULL, NULL, NULL),
(317, '/privacy-policy', 15711, 15717, 'internal', 179, 182, NULL, NULL, NULL, NULL, NULL),
(362, 'https://tesselys.com/staging/collections/luma/luma-solo-orb-harrys/', 17101, 16919, 'internal', 196, 197, NULL, NULL, NULL, NULL, NULL),
(363, 'https://tesselys.com/staging/collections/luma/luma-orb-solo-calder/', 17101, 16110, 'internal', 196, 195, NULL, NULL, NULL, NULL, NULL),
(366, 'https://maps.app.goo.gl/ofY2NtWugZuCGvAu5', 9423, NULL, 'external', 3, NULL, NULL, NULL, NULL, NULL, NULL),
(417, 'https://maps.app.goo.gl/ofY2NtWugZuCGvAu5', 16709, NULL, 'external', 199, NULL, NULL, NULL, NULL, NULL, NULL),
(421, 'mailto:team@tesselys.com', 16882, NULL, 'external', 202, NULL, NULL, NULL, NULL, NULL, NULL),
(430, 'mailto:team@tesselys.com', 16886, NULL, 'external', 206, NULL, NULL, NULL, NULL, NULL, NULL),
(431, 'https://eur-lex.europa.eu/legal-content/RO/TXT/?uri=celex%3A32002L0058', 16878, NULL, 'external', 209, NULL, NULL, NULL, NULL, NULL, NULL),
(432, 'https://eur-lex.europa.eu/legal-content/RO/TXT/?uri=CELEX%3A32016R0679', 16878, NULL, 'external', 209, NULL, NULL, NULL, NULL, NULL, NULL),
(433, 'https://ro.wikipedia.org/wiki/Cookie', 16878, NULL, 'external', 209, NULL, NULL, NULL, NULL, NULL, NULL),
(434, 'http://www.microsoft.com/info/cookies.mspx', 16878, NULL, 'external', 209, NULL, NULL, NULL, NULL, NULL, NULL),
(435, 'https://www.allaboutcookies.org/', 16878, NULL, 'external', 209, NULL, NULL, NULL, NULL, NULL, NULL),
(436, 'http://www.youronlinechoices.com/', 16878, NULL, 'external', 209, NULL, NULL, NULL, NULL, NULL, NULL),
(437, 'http://www.dreptonline.ro/legislatie/', 16878, NULL, 'external', 209, NULL, NULL, NULL, NULL, NULL, NULL),
(438, 'https://www.youronlinechoices.eu/', 16878, NULL, 'external', 209, NULL, NULL, NULL, NULL, NULL, NULL),
(439, 'https://tesselys.com/staging/ro/instalare/', 17095, 16862, 'internal', 213, 215, NULL, NULL, NULL, NULL, NULL),
(440, 'https://tesselys.com/staging/wp-content/uploads/Tesselys-Installation-Guide_page-0001.jpg', 16862, 16911, 'image-in', 215, NULL, 1241, 1755, 493929, NULL, NULL),
(441, 'https://tesselys.com/staging/wp-content/uploads/Tesselys-Installation-Guide_page-0002.jpg', 16862, 16913, 'image-in', 215, NULL, 1241, 1755, 435833, NULL, NULL),
(444, 'https://tesselys.com/staging/', 16830, NULL, 'internal', 236, 2, NULL, NULL, NULL, NULL, NULL),
(445, 'https://tesselys.com/staging', 16830, 9423, 'internal', 236, 3, NULL, NULL, NULL, NULL, NULL),
(446, '/about-us', 16830, 15713, 'internal', 236, 180, NULL, NULL, NULL, NULL, NULL),
(447, '/cancellation-policy', 16830, 10, 'internal', 236, 52, NULL, NULL, NULL, NULL, NULL),
(448, '/privacy-policy', 16830, 15717, 'internal', 236, 182, NULL, NULL, NULL, NULL, NULL),
(449, '/shipping-policy', 16830, 15715, 'internal', 236, 181, NULL, NULL, NULL, NULL, NULL),
(450, '/cookies-usage-policy', 16830, 12773, 'internal', 236, 145, NULL, NULL, NULL, NULL, NULL),
(451, '/terms-and-conditions', 16830, 15711, 'internal', 236, 179, NULL, NULL, NULL, NULL, NULL),
(452, '/order-tracking', 16830, 15741, 'internal', 236, 183, NULL, NULL, NULL, NULL, NULL),
(453, '/contact', 16830, 15708, 'internal', 236, 178, NULL, NULL, NULL, NULL, NULL),
(454, 'https://d3ldyx3r2ad3ic.cloudfront.net/templates/template-assets/images/store-checkout-2/mcafe.png', 16830, NULL, 'image-ex', 236, NULL, NULL, NULL, NULL, NULL, NULL),
(455, 'https://d3ldyx3r2ad3ic.cloudfront.net/templates/template-assets/images/store-checkout-2/norton.png', 16830, NULL, 'image-ex', 236, NULL, NULL, NULL, NULL, NULL, NULL),
(456, 'https://d3ldyx3r2ad3ic.cloudfront.net/templates/template-assets/images/store-checkout-2/member-2.jpg', 16830, NULL, 'image-ex', 236, NULL, NULL, NULL, NULL, NULL, NULL),
(457, 'https://d3ldyx3r2ad3ic.cloudfront.net/templates/template-assets/images/store-checkout-2/member-1.jpg', 16830, NULL, 'image-ex', 236, NULL, NULL, NULL, NULL, NULL, NULL),
(458, 'https://tesselys.com/staging/wp-content/plugins/sitepress-multilingual-cms/res/flags/ro.svg', 16830, NULL, 'image-in', 236, NULL, NULL, NULL, NULL, NULL, NULL),
(459, 'https://tesselys.com/staging/wp-content/plugins/sitepress-multilingual-cms/res/flags/en.svg', 16830, NULL, 'image-in', 236, NULL, NULL, NULL, NULL, NULL, NULL),
(468, 'https://tesselys.com/staging', 16832, 9423, 'internal', 237, 3, NULL, NULL, NULL, NULL, NULL),
(469, '/about-us', 16832, 15713, 'internal', 237, 180, NULL, NULL, NULL, NULL, NULL),
(470, '/cancellation-policy', 16832, 10, 'internal', 237, 52, NULL, NULL, NULL, NULL, NULL),
(471, '/privacy-policy', 16832, 15717, 'internal', 237, 182, NULL, NULL, NULL, NULL, NULL),
(472, '/shipping-policy', 16832, 15715, 'internal', 237, 181, NULL, NULL, NULL, NULL, NULL),
(473, '/cookies-usage-policy', 16832, 12773, 'internal', 237, 145, NULL, NULL, NULL, NULL, NULL),
(474, '/terms-and-conditions', 16832, 15711, 'internal', 237, 179, NULL, NULL, NULL, NULL, NULL),
(475, '/order-tracking', 16832, 15741, 'internal', 237, 183, NULL, NULL, NULL, NULL, NULL),
(476, '/contact', 16832, 15708, 'internal', 237, 178, NULL, NULL, NULL, NULL, NULL),
(481, 'https://tesselys.com/staging/wp-content/plugins/sitepress-multilingual-cms/res/flags/ro.svg', 16832, NULL, 'image-in', 237, NULL, NULL, NULL, NULL, NULL, NULL),
(482, 'https://tesselys.com/staging/wp-content/plugins/sitepress-multilingual-cms/res/flags/en.svg', 16832, NULL, 'image-in', 237, NULL, NULL, NULL, NULL, NULL, NULL),
(483, 'https://tesselys.com/staging/', 16837, NULL, 'internal', 198, 2, NULL, NULL, NULL, NULL, NULL),
(485, 'https://tesselys.com/staging/', 16837, NULL, 'internal', 198, 2, NULL, NULL, NULL, NULL, NULL),
(486, 'https://tesselys.com/staging', 16837, 9423, 'internal', 198, 3, NULL, NULL, NULL, NULL, NULL),
(487, '/about-us', 16837, 15713, 'internal', 198, 180, NULL, NULL, NULL, NULL, NULL),
(488, '/cancellation-policy', 16837, 10, 'internal', 198, 52, NULL, NULL, NULL, NULL, NULL),
(489, '/privacy-policy', 16837, 15717, 'internal', 198, 182, NULL, NULL, NULL, NULL, NULL),
(490, '/shipping-policy', 16837, 15715, 'internal', 198, 181, NULL, NULL, NULL, NULL, NULL),
(491, '/cookies-usage-policy', 16837, 12773, 'internal', 198, 145, NULL, NULL, NULL, NULL, NULL),
(492, '/terms-and-conditions', 16837, 15711, 'internal', 198, 179, NULL, NULL, NULL, NULL, NULL),
(493, '/order-tracking', 16837, 15741, 'internal', 198, 183, NULL, NULL, NULL, NULL, NULL),
(494, '/contact', 16837, 15708, 'internal', 198, 178, NULL, NULL, NULL, NULL, NULL),
(499, 'https://tesselys.com/staging/wp-content/plugins/sitepress-multilingual-cms/res/flags/ro.svg', 16837, NULL, 'image-in', 198, NULL, NULL, NULL, NULL, NULL, NULL),
(500, 'https://tesselys.com/staging/wp-content/plugins/sitepress-multilingual-cms/res/flags/en.svg', 16837, NULL, 'image-in', 198, NULL, NULL, NULL, NULL, NULL, NULL),
(505, 'https://tesselys.com/staging/colectii/luma/luma-solo-orb-harrys/', 17170, 16924, 'internal', 233, 235, NULL, NULL, NULL, NULL, NULL),
(506, 'https://tesselys.com/staging/colectii/luma/luma-orb-solo-calder/', 17170, 16424, 'internal', 233, 234, NULL, NULL, NULL, NULL, NULL),
(517, 'https://tesselys.com/staging/collections/', 9423, 1249, 'internal', 3, 6, NULL, NULL, NULL, NULL, NULL),
(518, 'https://tesselys.com/staging/contact/', 9423, 15708, 'internal', 3, 178, NULL, NULL, NULL, NULL, NULL),
(519, 'https://tesselys.com/staging/faq/', 9423, 15745, 'internal', 3, 185, NULL, NULL, NULL, NULL, NULL),
(520, 'https://tesselys.com/staging/collections/luma/luma-solo-orb-harrys/', 9423, 16919, 'internal', 3, 197, NULL, NULL, NULL, NULL, NULL),
(521, 'https://tesselys.com/staging/collections/luma/luma-orb-solo-calder/', 9423, 16110, 'internal', 3, 195, NULL, NULL, NULL, NULL, NULL),
(532, 'javascript:void(0)', 16837, NULL, 'external', 198, NULL, NULL, NULL, NULL, NULL, NULL),
(533, 'javascript:void(0)', 16837, NULL, 'external', 198, NULL, NULL, NULL, NULL, NULL, NULL),
(534, '', 16837, NULL, 'internal', 198, 2, NULL, NULL, NULL, NULL, NULL),
(535, 'https://tesselys.com/staging/wp-content/plugins/funnel-builder-pro/modules/checkout/assets/img/down-arrow.svg', 16837, NULL, 'image-in', 198, NULL, NULL, NULL, NULL, NULL, NULL),
(536, 'https://tesselys.com/staging/wp-content/uploads/2-2-100x100.webp', 16837, NULL, 'image-in', 198, NULL, NULL, NULL, NULL, NULL, NULL),
(542, 'https://tesselys.com/staging/', 16832, NULL, 'internal', 237, 2, NULL, NULL, NULL, NULL, NULL),
(543, 'javascript:void(0);', 16839, NULL, 'external', 239, NULL, NULL, NULL, NULL, NULL, NULL),
(544, 'javascript:void(0);', 16839, NULL, 'external', 239, NULL, NULL, NULL, NULL, NULL, NULL),
(545, 'javascript:void(0);', 16839, NULL, 'external', 239, NULL, NULL, NULL, NULL, NULL, NULL),
(546, 'javascript:void(0);', 16839, NULL, 'external', 239, NULL, NULL, NULL, NULL, NULL, NULL),
(547, 'javascript:void(0);', 16839, NULL, 'external', 239, NULL, NULL, NULL, NULL, NULL, NULL),
(548, 'https://tesselys.com/staging/wp-content/plugins/woocommerce/assets/images/placeholder.png', 16839, NULL, 'image-in', 239, NULL, NULL, NULL, NULL, NULL, NULL),
(549, 'https://tesselys.com/staging/', 16839, NULL, 'internal', 239, 2, NULL, NULL, NULL, NULL, NULL),
(550, 'https://tesselys.com/staging', 16839, 9423, 'internal', 239, 3, NULL, NULL, NULL, NULL, NULL),
(551, '/about-us', 16839, 15713, 'internal', 239, 180, NULL, NULL, NULL, NULL, NULL),
(552, '/cancellation-policy', 16839, 10, 'internal', 239, 52, NULL, NULL, NULL, NULL, NULL),
(553, '/privacy-policy', 16839, 15717, 'internal', 239, 182, NULL, NULL, NULL, NULL, NULL),
(554, '/shipping-policy', 16839, 15715, 'internal', 239, 181, NULL, NULL, NULL, NULL, NULL),
(555, '/cookies-usage-policy', 16839, 12773, 'internal', 239, 145, NULL, NULL, NULL, NULL, NULL),
(556, '/terms-and-conditions', 16839, 15711, 'internal', 239, 179, NULL, NULL, NULL, NULL, NULL),
(557, '/order-tracking', 16839, 15741, 'internal', 239, 183, NULL, NULL, NULL, NULL, NULL),
(558, '/contact', 16839, 15708, 'internal', 239, 178, NULL, NULL, NULL, NULL, NULL),
(559, 'https://tesselys.com/staging/wp-content/plugins/sitepress-multilingual-cms/res/flags/ro.svg', 16839, NULL, 'image-in', 239, NULL, NULL, NULL, NULL, NULL, NULL),
(560, 'https://tesselys.com/staging/wp-content/plugins/sitepress-multilingual-cms/res/flags/en.svg', 16839, NULL, 'image-in', 239, NULL, NULL, NULL, NULL, NULL, NULL),
(605, 'https://tesselys.com/staging/', 17719, NULL, 'internal', 285, 2, NULL, NULL, NULL, NULL, NULL),
(606, 'javascript:void(0);', 17719, NULL, 'external', 285, NULL, NULL, NULL, NULL, NULL, NULL),
(607, 'javascript:void(0);', 17719, NULL, 'external', 285, NULL, NULL, NULL, NULL, NULL, NULL),
(608, 'javascript:void(0);', 17719, NULL, 'external', 285, NULL, NULL, NULL, NULL, NULL, NULL),
(609, 'javascript:void(0);', 17719, NULL, 'external', 285, NULL, NULL, NULL, NULL, NULL, NULL),
(610, 'javascript:void(0);', 17719, NULL, 'external', 285, NULL, NULL, NULL, NULL, NULL, NULL),
(611, 'https://tesselys.com/staging/', 17719, NULL, 'internal', 285, 2, NULL, NULL, NULL, NULL, NULL),
(612, 'https://tesselys.com/staging/en/', 17719, NULL, 'internal', 285, NULL, NULL, NULL, NULL, NULL, NULL),
(613, 'https://tesselys.com/staging/', 17719, NULL, 'internal', 285, 2, NULL, NULL, NULL, NULL, NULL),
(614, 'tel:+40750262313', 17719, NULL, 'external', 285, NULL, NULL, NULL, NULL, NULL, NULL),
(615, 'https://tesselys.com/staging/despre-noi/', 17719, 16812, 'internal', 285, 207, NULL, NULL, NULL, NULL, NULL),
(616, 'https://tesselys.com/staging/despre-noi/', 17719, 16812, 'internal', 285, 207, NULL, NULL, NULL, NULL, NULL),
(617, 'https://tesselys.com/staging/despre-noi/', 17719, 16812, 'internal', 285, 207, NULL, NULL, NULL, NULL, NULL),
(618, 'https://tesselys.com/staging/despre-noi/', 17719, 16812, 'internal', 285, 207, NULL, NULL, NULL, NULL, NULL),
(619, 'https://tesselys.com/staging/despre-noi/', 17719, 16812, 'internal', 285, 207, NULL, NULL, NULL, NULL, NULL),
(620, 'https://tesselys.com/staging/despre-noi/', 17719, 16812, 'internal', 285, 207, NULL, NULL, NULL, NULL, NULL),
(621, 'https://tesselys.com/staging/despre-noi/', 17719, 16812, 'internal', 285, 207, NULL, NULL, NULL, NULL, NULL),
(622, 'https://tesselys.com/staging/contact/', 17719, 15708, 'internal', 285, 178, NULL, NULL, NULL, NULL, NULL),
(623, 'https://tesselys.com/staging/wp-content/plugins/woocommerce/assets/images/placeholder.png', 17719, NULL, 'image-in', 285, NULL, NULL, NULL, NULL, NULL, NULL),
(624, 'https://tesselys.com/staging/wp-content/plugins/sitepress-multilingual-cms/res/flags/ro.svg', 17719, NULL, 'image-in', 285, NULL, NULL, NULL, NULL, NULL, NULL),
(625, 'https://tesselys.com/staging/wp-content/plugins/sitepress-multilingual-cms/res/flags/en.svg', 17719, NULL, 'image-in', 285, NULL, NULL, NULL, NULL, NULL, NULL);

-- --------------------------------------------------------

--
-- Constraints for table `BvlzX_itbbc_history_items`
--
ALTER TABLE `BvlzX_itbbc_history_items`
  ADD CONSTRAINT `itbbc_history_items_history_id_relation` FOREIGN KEY (`history_id`) REFERENCES `BvlzX_itbbc_history` (`id`) ON DELETE CASCADE ON UPDATE CASCADE;

DROP FUNCTION IF EXISTS `piesepla_wp391`.`BvlzX_fn_realmedialibrary_childs`;
DELIMITER $$ 
-- 
-- Functions 
--
CREATE DEFINER=`piesepla_wp391`@`localhost` FUNCTION `BvlzX_fn_realmedialibrary_childs`(rootId INT, _useTempChildTableForCheck BOOLEAN) RETURNS varchar(1000) CHARSET utf8mb3
    READS SQL DATA
    SQL SECURITY INVOKER
BEGIN
        	DECLARE sTemp VARCHAR(1000);
        	DECLARE sTempChd VARCHAR(1000);
        	SET sTemp = '$';
        	SET sTempChd = CAST(rootId AS CHAR);
		    SET SESSION group_concat_max_len = 100000;
        	WHILE sTempChd IS NOT NULL DO
        		SET sTemp = CONCAT(sTemp,',',sTempChd);
        		IF _useTempChildTableForCheck IS NULL OR _useTempChildTableForCheck = false THEN
        		    SELECT GROUP_CONCAT(id) INTO sTempChd FROM BvlzX_realmedialibrary WHERE FIND_IN_SET(parent,sTempChd) > 0;
        		ELSE
        		    SELECT GROUP_CONCAT(id) INTO sTempChd FROM BvlzX_realmedialibrary_tmp WHERE FIND_IN_SET(parent,sTempChd) > 0;
        		END IF;
        	END WHILE;
        	RETURN sTemp;
        END
$$ 
DELIMITER ;


